CRAN Package Check Results for Package glmglrt

Last updated on 2022-10-07 05:51:56 CEST.

Flavor Version Tinstall Tcheck Ttotal Status Flags
r-devel-linux-x86_64-debian-clang 0.2.2 4.60 120.64 125.24 NOTE
r-devel-linux-x86_64-debian-gcc 0.2.2 3.34 89.71 93.05 NOTE
r-devel-linux-x86_64-fedora-clang 0.2.2 165.28 NOTE
r-devel-linux-x86_64-fedora-gcc 0.2.2 154.33 NOTE
r-devel-windows-x86_64 0.2.2 20.00 149.00 169.00 NOTE
r-patched-linux-x86_64 0.2.2 8.46 114.99 123.45 NOTE
r-release-linux-x86_64 0.2.2 2.78 113.61 116.39 NOTE
r-release-macos-arm64 0.2.2 41.00 NOTE
r-release-macos-x86_64 0.2.2 61.00 NOTE
r-release-windows-x86_64 0.2.2 22.00 141.00 163.00 NOTE
r-oldrel-macos-arm64 0.2.2 53.00 NOTE
r-oldrel-macos-x86_64 0.2.2 86.00 NOTE
r-oldrel-windows-ix86+x86_64 0.2.2 18.00 142.00 160.00 NOTE

Check Details

Version: 0.2.2
Check: LazyData
Result: NOTE
     'LazyData' is specified without a 'data' directory
Flavors: r-devel-linux-x86_64-debian-clang, r-devel-linux-x86_64-debian-gcc, r-devel-linux-x86_64-fedora-clang, r-devel-linux-x86_64-fedora-gcc, r-devel-windows-x86_64, r-patched-linux-x86_64, r-release-linux-x86_64, r-release-macos-arm64, r-release-macos-x86_64, r-release-windows-x86_64, r-oldrel-macos-arm64, r-oldrel-macos-x86_64, r-oldrel-windows-ix86+x86_64