CRAN Package Check Results for Package glmglrt

Last updated on 2021-04-15 05:47:56 CEST.

Flavor Version Tinstall Tcheck Ttotal Status Flags
r-devel-linux-x86_64-debian-clang 0.2.2 4.53 110.59 115.12 NOTE
r-devel-linux-x86_64-debian-gcc 0.2.2 3.43 82.65 86.08 NOTE
r-devel-linux-x86_64-fedora-clang 0.2.2 144.07 NOTE
r-devel-linux-x86_64-fedora-gcc 0.2.2 137.62 NOTE
r-devel-windows-ix86+x86_64 0.2.2 18.00 139.00 157.00 NOTE
r-devel-windows-x86_64-gcc10-UCRT 0.2.2 NOTE
r-patched-linux-x86_64 0.2.2 3.95 106.56 110.51 OK
r-patched-solaris-x86 0.2.2 192.80 OK
r-release-linux-x86_64 0.2.2 4.34 107.86 112.20 OK
r-release-macos-x86_64 0.2.2 OK
r-release-windows-ix86+x86_64 0.2.2 15.00 146.00 161.00 OK
r-oldrel-macos-x86_64 0.2.2 OK
r-oldrel-windows-ix86+x86_64 0.2.2 16.00 98.00 114.00 OK

Check Details

Version: 0.2.2
Check: LazyData
Result: NOTE
     'LazyData' is specified without a 'data' directory
Flavors: r-devel-linux-x86_64-debian-clang, r-devel-linux-x86_64-debian-gcc, r-devel-linux-x86_64-fedora-clang, r-devel-linux-x86_64-fedora-gcc, r-devel-windows-ix86+x86_64, r-devel-windows-x86_64-gcc10-UCRT