Last updated on 2024-03-28 11:53:27 CET.
Flavor | Version | Tinstall | Tcheck | Ttotal | Status | Flags |
---|---|---|---|---|---|---|
r-devel-linux-x86_64-debian-clang | 0.2.2 | 4.29 | 115.72 | 120.01 | NOTE | |
r-devel-linux-x86_64-debian-gcc | 0.2.2 | 3.65 | 87.25 | 90.90 | NOTE | |
r-devel-linux-x86_64-fedora-clang | 0.2.2 | 154.84 | NOTE | |||
r-devel-linux-x86_64-fedora-gcc | 0.2.2 | 152.55 | NOTE | |||
r-devel-windows-x86_64 | 0.2.2 | 7.00 | 101.00 | 108.00 | NOTE | |
r-patched-linux-x86_64 | 0.2.2 | 9.46 | 116.80 | 126.26 | NOTE | |
r-release-linux-x86_64 | 0.2.2 | 4.13 | 111.71 | 115.84 | NOTE | |
r-release-macos-arm64 | 0.2.2 | 49.00 | NOTE | |||
r-release-macos-x86_64 | 0.2.2 | 77.00 | NOTE | |||
r-release-windows-x86_64 | 0.2.2 | 10.00 | 123.00 | 133.00 | NOTE | |
r-oldrel-macos-arm64 | 0.2.2 | 41.00 | NOTE | |||
r-oldrel-windows-x86_64 | 0.2.2 | 10.00 | 122.00 | 132.00 | NOTE |
Version: 0.2.2
Check: Rd files
Result: NOTE
checkRd: (-1) summarylr.Rd:34: Lost braces
34 | \item{method}{NULL or character vector of length 0, 1 or 2; may be code{"LRT"} or \code{"Rao"} or \code{c("LRT", "Rao")} to compute specified P-values.
| ^
Flavors: r-devel-linux-x86_64-debian-clang, r-devel-linux-x86_64-debian-gcc, r-devel-linux-x86_64-fedora-clang, r-devel-linux-x86_64-fedora-gcc, r-devel-windows-x86_64, r-patched-linux-x86_64
Version: 0.2.2
Check: LazyData
Result: NOTE
'LazyData' is specified without a 'data' directory
Flavors: r-devel-linux-x86_64-debian-clang, r-devel-linux-x86_64-debian-gcc, r-devel-linux-x86_64-fedora-clang, r-devel-linux-x86_64-fedora-gcc, r-devel-windows-x86_64, r-patched-linux-x86_64, r-release-linux-x86_64, r-release-macos-arm64, r-release-macos-x86_64, r-release-windows-x86_64, r-oldrel-macos-arm64, r-oldrel-windows-x86_64