CRAN Package Check Results for Package glmmLasso

Last updated on 2021-10-28 11:51:27 CEST.

Flavor Version Tinstall Tcheck Ttotal Status Flags
r-devel-linux-x86_64-debian-clang 1.5.1 41.58 148.50 190.08 OK
r-devel-linux-x86_64-debian-gcc 1.5.1 35.59 109.57 145.16 OK
r-devel-linux-x86_64-fedora-clang 1.5.1 242.47 NOTE
r-devel-linux-x86_64-fedora-gcc 1.5.1 232.03 OK
r-devel-windows-x86_64 1.5.1 59.00 163.00 222.00 OK
r-devel-windows-x86_64-gcc10-UCRT 1.5.1 OK
r-patched-linux-x86_64 1.5.1 32.83 145.88 178.71 OK
r-patched-solaris-x86 1.5.1 268.90 OK
r-release-linux-x86_64 1.5.1 39.32 146.30 185.62 OK
r-release-macos-arm64 1.5.1 OK
r-release-macos-x86_64 1.5.1 OK
r-release-windows-ix86+x86_64 1.5.1 43.00 151.00 194.00 OK
r-oldrel-macos-x86_64 1.5.1 OK
r-oldrel-windows-ix86+x86_64 1.5.1 47.00 158.00 205.00 OK

Check Details

Version: 1.5.1
Check: Rd cross-references
Result: NOTE
    Undeclared package ‘GMMBoost’ in Rd xrefs
Flavor: r-devel-linux-x86_64-fedora-clang