Last updated on 2023-11-29 00:50:19 CET.
Flavor | Version | Tinstall | Tcheck | Ttotal | Status | Flags |
---|---|---|---|---|---|---|
r-devel-linux-x86_64-debian-clang | 1.1.5 | 8.01 | 37.10 | 45.11 | WARN | |
r-devel-linux-x86_64-debian-gcc | 1.1.5 | 6.35 | 28.42 | 34.77 | OK | |
r-devel-linux-x86_64-fedora-clang | 1.1.5 | 58.00 | WARN | |||
r-devel-linux-x86_64-fedora-gcc | 1.1.6 | 69.89 | OK | |||
r-devel-windows-x86_64 | 1.1.5 | 10.00 | 75.00 | 85.00 | OK | |
r-patched-linux-x86_64 | 1.1.5 | 7.98 | 37.19 | 45.17 | OK | |
r-release-linux-x86_64 | 1.1.5 | 6.36 | 36.06 | 42.42 | OK | |
r-release-macos-arm64 | 1.1.6 | 33.00 | OK | |||
r-release-macos-x86_64 | 1.1.5 | 51.00 | OK | |||
r-release-windows-x86_64 | 1.1.5 | 15.00 | 73.00 | 88.00 | OK | |
r-oldrel-macos-arm64 | 1.1.6 | 29.00 | OK | |||
r-oldrel-macos-x86_64 | 1.1.5 | 56.00 | OK | |||
r-oldrel-windows-x86_64 | 1.1.5 | 13.00 | 76.00 | 89.00 | OK |
Version: 1.1.5
Check: whether package can be installed
Result: WARN
Found the following significant warnings:
glmmml.c:276:10: warning: format string is not a string literal (potentially insecure) [-Wformat-security]
See ‘/home/hornik/tmp/R.check/r-devel-clang/Work/PKGS/glmmML.Rcheck/00install.out’ for details.
* used C compiler: ‘Debian clang version 17.0.5 (1)’
* used Fortran compiler: ‘Debian flang-new version 17.0.5 (1)’
Flavor: r-devel-linux-x86_64-debian-clang
Version: 1.1.5
Check: whether package can be installed
Result: WARN
Found the following significant warnings:
glmmml.c:276:10: warning: format string is not a string literal (potentially insecure) [-Wformat-security]
See ‘/data/gannet/ripley/R/packages/tests-clang/glmmML.Rcheck/00install.out’ for details.
* used C compiler: ‘clang version 17.0.5’
* used Fortran compiler: ‘flang-new version 17.0.5’
Flavor: r-devel-linux-x86_64-fedora-clang