Last updated on 2023-03-30 17:52:30 CEST.
Flavor | Version | Tinstall | Tcheck | Ttotal | Status | Flags |
---|---|---|---|---|---|---|
r-devel-linux-x86_64-debian-clang | 0.2 | 3.01 | 151.27 | 154.28 | NOTE | |
r-devel-linux-x86_64-debian-gcc | 0.2 | 2.57 | 104.94 | 107.51 | NOTE | |
r-devel-linux-x86_64-fedora-clang | 0.2 | 200.39 | NOTE | |||
r-devel-linux-x86_64-fedora-gcc | 0.2 | 188.84 | NOTE | |||
r-devel-windows-x86_64 | 0.2 | 15.00 | 0.00 | 15.00 | NOTE | |
r-patched-linux-x86_64 | 0.2 | 3.38 | 143.84 | 147.22 | NOTE | |
r-release-linux-x86_64 | 0.2 | 2.06 | 148.84 | 150.90 | NOTE | |
r-release-macos-arm64 | 0.2 | 48.00 | NOTE | |||
r-release-macos-x86_64 | 0.2 | 86.00 | NOTE | |||
r-release-windows-x86_64 | 0.2 | 13.00 | 180.00 | 193.00 | NOTE | |
r-oldrel-macos-arm64 | 0.2 | 62.00 | NOTE | |||
r-oldrel-macos-x86_64 | 0.2 | 81.00 | NOTE | |||
r-oldrel-windows-ix86+x86_64 | 0.2 | 9.00 | 185.00 | 194.00 | NOTE |
Version: 0.2
Check: LazyData
Result: NOTE
'LazyData' is specified without a 'data' directory
Flavors: r-devel-linux-x86_64-debian-clang, r-devel-linux-x86_64-debian-gcc, r-devel-linux-x86_64-fedora-clang, r-devel-linux-x86_64-fedora-gcc, r-devel-windows-x86_64, r-patched-linux-x86_64, r-release-linux-x86_64, r-release-macos-arm64, r-release-macos-x86_64, r-release-windows-x86_64, r-oldrel-macos-arm64, r-oldrel-macos-x86_64, r-oldrel-windows-ix86+x86_64