Last updated on 2024-04-25 17:49:51 CEST.
Flavor | Version | Tinstall | Tcheck | Ttotal | Status | Flags |
---|---|---|---|---|---|---|
r-devel-linux-x86_64-debian-clang | 0.11.3 | 24.89 | 180.92 | 205.81 | NOTE | |
r-devel-linux-x86_64-debian-gcc | 0.11.3 | 20.58 | 130.83 | 151.41 | NOTE | |
r-devel-linux-x86_64-fedora-clang | 0.11.3 | 256.29 | NOTE | |||
r-devel-linux-x86_64-fedora-gcc | 0.11.3 | 269.70 | NOTE | |||
r-devel-windows-x86_64 | 0.11.3 | 27.00 | 164.00 | 191.00 | NOTE | |
r-patched-linux-x86_64 | 0.11.3 | 36.05 | 172.63 | 208.68 | NOTE | |
r-release-linux-x86_64 | 0.11.3 | 24.06 | 174.92 | 198.98 | OK | |
r-release-macos-arm64 | 0.11.3 | 72.00 | NOTE | |||
r-release-windows-x86_64 | 0.11.3 | 27.00 | 159.00 | 186.00 | NOTE | |
r-oldrel-macos-arm64 | 0.11.3 | 75.00 | OK | |||
r-oldrel-macos-x86_64 | 0.11.3 | 154.00 | OK | |||
r-oldrel-windows-x86_64 | 0.11.3 | 33.00 | 194.00 | 227.00 | OK |
Version: 0.11.3
Check: Rd files
Result: NOTE
checkRd: (-1) Maf.data.frame.Rd:65: Lost braces
65 | the lag distance to take. \%For other options see code{getEmpVariogramSlice}.}
| ^
checkRd: (-1) NGSAustralia.Rd:114: Lost braces; missing escapes or markup?
114 | \item{MRB}{obtained from simplifying the major crustal boundaries of {Korsch2015a, Korsch2015b}}
| ^
Flavors: r-devel-linux-x86_64-debian-clang, r-devel-linux-x86_64-debian-gcc, r-devel-linux-x86_64-fedora-clang, r-devel-linux-x86_64-fedora-gcc, r-devel-windows-x86_64, r-patched-linux-x86_64, r-release-macos-arm64, r-release-windows-x86_64
Version: 0.11.3
Check: data for non-ASCII characters
Result: NOTE
Note: found 2629 marked UTF-8 strings
Flavors: r-devel-linux-x86_64-fedora-clang, r-devel-linux-x86_64-fedora-gcc