Last updated on 2024-08-16 11:49:41 CEST.
Flavor | Version | Tinstall | Tcheck | Ttotal | Status | Flags |
---|---|---|---|---|---|---|
r-devel-linux-x86_64-debian-clang | 1.0.1 | 1.93 | 40.81 | 42.74 | NOTE | |
r-devel-linux-x86_64-debian-gcc | 1.0.1 | 1.63 | 29.41 | 31.04 | NOTE | |
r-devel-linux-x86_64-fedora-clang | 1.0.1 | 70.81 | NOTE | |||
r-devel-linux-x86_64-fedora-gcc | 1.0.1 | 81.81 | NOTE | |||
r-devel-windows-x86_64 | 1.0.1 | 4.00 | 67.00 | 71.00 | NOTE | |
r-patched-linux-x86_64 | 1.0.1 | 2.13 | 39.36 | 41.49 | NOTE | |
r-release-linux-x86_64 | 1.0.1 | 2.20 | 39.40 | 41.60 | NOTE | |
r-release-macos-arm64 | 1.0.1 | 28.00 | NOTE | |||
r-release-macos-x86_64 | 1.0.1 | 54.00 | NOTE | |||
r-release-windows-x86_64 | 1.0.1 | 4.00 | 74.00 | 78.00 | NOTE | |
r-oldrel-macos-arm64 | 1.0.1 | 29.00 | NOTE | |||
r-oldrel-macos-x86_64 | 1.0.1 | 46.00 | NOTE | |||
r-oldrel-windows-x86_64 | 1.0.1 | 4.00 | 68.00 | 72.00 | NOTE |
Version: 1.0.1
Check: LazyData
Result: NOTE
'LazyData' is specified without a 'data' directory
Flavors: r-devel-linux-x86_64-debian-clang, r-devel-linux-x86_64-debian-gcc, r-devel-linux-x86_64-fedora-clang, r-devel-linux-x86_64-fedora-gcc, r-devel-windows-x86_64, r-patched-linux-x86_64, r-release-linux-x86_64, r-release-macos-arm64, r-release-macos-x86_64, r-release-windows-x86_64, r-oldrel-macos-arm64, r-oldrel-macos-x86_64, r-oldrel-windows-x86_64