CRAN Package Check Results for Package gmm

Last updated on 2024-02-22 00:58:31 CET.

Flavor Version Tinstall Tcheck Ttotal Status Flags
r-devel-linux-x86_64-debian-clang 1.8 NOTE
r-devel-linux-x86_64-debian-gcc 1.8 9.96 80.76 90.72 NOTE
r-devel-linux-x86_64-fedora-clang 1.8 145.38 OK
r-devel-linux-x86_64-fedora-gcc 1.8 152.88 OK
r-devel-windows-x86_64 1.8 12.00 132.00 144.00 OK
r-patched-linux-x86_64 1.8 11.75 105.26 117.01 OK
r-release-linux-x86_64 1.8 10.90 105.23 116.13 OK
r-release-macos-arm64 1.8 72.00 OK
r-release-macos-x86_64 1.8 158.00 OK
r-release-windows-x86_64 1.8 15.00 143.00 158.00 OK
r-oldrel-macos-arm64 1.8 58.00 OK
r-oldrel-windows-x86_64 1.8 15.00 142.00 157.00 OK

Check Details

Version: 1.8
Check: Rd files
Result: NOTE checkRd: (-1) ATEgel.Rd:24: Lost braces 24 | \item{g}{A formula as \code{y~z}, where code{y} is the response and | ^ Flavors: r-devel-linux-x86_64-debian-clang, r-devel-linux-x86_64-debian-gcc