CRAN Package Check Results for Package gmnl

Last updated on 2023-10-03 06:07:02 CEST.

Flavor Version Tinstall Tcheck Ttotal Status Flags
r-devel-linux-x86_64-debian-clang 1.1-3.2 16.20 116.41 132.61 OK
r-devel-linux-x86_64-debian-gcc 1.1-3.2 12.76 86.61 99.37 OK
r-devel-linux-x86_64-fedora-clang 1.1-3.2 159.13 NOTE
r-devel-linux-x86_64-fedora-gcc 1.1-3.2 166.22 OK
r-devel-windows-x86_64 1.1-3.2 13.00 97.00 110.00 OK
r-patched-linux-x86_64 1.1-3.2 15.02 113.23 128.25 OK
r-release-linux-x86_64 1.1-3.2 15.57 110.51 126.08 OK
r-release-macos-arm64 1.1-3.2 46.00 OK
r-release-macos-x86_64 1.1-3.2 71.00 OK
r-release-windows-x86_64 1.1-3.2 18.00 117.00 135.00 OK
r-oldrel-macos-arm64 1.1-3.2 41.00 OK
r-oldrel-macos-x86_64 1.1-3.2 88.00 OK
r-oldrel-windows-x86_64 1.1-3.2 18.00 119.00 137.00 OK

Check Details

Version: 1.1-3.2
Check: Rd cross-references
Result: NOTE
    Undeclared package ‘sandwich’ in Rd xrefs
Flavor: r-devel-linux-x86_64-fedora-clang