Last updated on 2023-09-26 12:07:28 CEST.
Flavor | Version | Tinstall | Tcheck | Ttotal | Status | Flags |
---|---|---|---|---|---|---|
r-devel-linux-x86_64-debian-clang | 0.3.0 | 95.28 | 139.47 | 234.75 | OK | |
r-devel-linux-x86_64-debian-gcc | 0.3.0 | 67.51 | 100.86 | 168.37 | OK | |
r-devel-linux-x86_64-fedora-clang | 0.3.0 | 301.21 | OK | |||
r-devel-linux-x86_64-fedora-gcc | 0.3.0 | 315.27 | OK | |||
r-devel-windows-x86_64 | 0.3.0 | 76.00 | 137.00 | 213.00 | OK | |
r-patched-linux-x86_64 | 0.3.0 | 73.90 | 130.69 | 204.59 | OK | |
r-release-linux-x86_64 | 0.3.0 | 67.91 | 130.74 | 198.65 | OK | |
r-release-macos-arm64 | 0.3.0 | 65.00 | NOTE | |||
r-release-macos-x86_64 | 0.3.0 | 138.00 | NOTE | |||
r-release-windows-x86_64 | 0.3.0 | 94.00 | 167.00 | 261.00 | OK | |
r-oldrel-macos-arm64 | 0.3.0 | 71.00 | NOTE | |||
r-oldrel-macos-x86_64 | 0.3.0 | 100.00 | NOTE | |||
r-oldrel-windows-x86_64 | 0.3.0 | 91.00 | 163.00 | 254.00 | OK |
Version: 0.3.0
Check: installed package size
Result: NOTE
installed size is 7.3Mb
sub-directories of 1Mb or more:
libs 6.9Mb
Flavors: r-release-macos-arm64, r-release-macos-x86_64, r-oldrel-macos-arm64, r-oldrel-macos-x86_64