Last updated on 2023-03-20 11:53:47 CET.
Flavor | Version | Tinstall | Tcheck | Ttotal | Status | Flags |
---|---|---|---|---|---|---|
r-devel-linux-x86_64-debian-clang | 0.1 | OK | ||||
r-devel-linux-x86_64-debian-gcc | 0.1 | 52.84 | 75.44 | 128.28 | OK | |
r-devel-linux-x86_64-fedora-clang | 0.1 | 215.88 | NOTE | |||
r-devel-linux-x86_64-fedora-gcc | 0.1 | 206.95 | NOTE | |||
r-patched-linux-x86_64 | 0.1 | 55.99 | 92.13 | 148.12 | OK | |
r-release-linux-x86_64 | 0.1 | 55.08 | 93.74 | 148.82 | OK | |
r-release-macos-arm64 | 0.1 | 58.00 | NOTE | |||
r-release-macos-x86_64 | 0.1 | 122.00 | NOTE | |||
r-release-windows-x86_64 | 0.1 | 58.00 | 143.00 | 201.00 | OK | |
r-oldrel-macos-arm64 | 0.1 | 64.00 | NOTE | |||
r-oldrel-macos-x86_64 | 0.1 | 73.00 | NOTE | |||
r-oldrel-windows-ix86+x86_64 | 0.1 | 141.00 | 162.00 | 303.00 | OK |
Version: 0.1
Check: dependencies in R code
Result: NOTE
Namespace in Imports field not imported from: ‘Rcpp’
All declared Imports should be used.
Flavors: r-devel-linux-x86_64-fedora-clang, r-devel-linux-x86_64-fedora-gcc, r-release-macos-arm64, r-release-macos-x86_64, r-oldrel-macos-arm64, r-oldrel-macos-x86_64
Version: 0.1
Check: installed package size
Result: NOTE
installed size is 5.6Mb
sub-directories of 1Mb or more:
libs 5.3Mb
Flavors: r-release-macos-arm64, r-release-macos-x86_64, r-oldrel-macos-arm64, r-oldrel-macos-x86_64