Last updated on 2023-12-09 17:54:07 CET.
Flavor | Version | Tinstall | Tcheck | Ttotal | Status | Flags |
---|---|---|---|---|---|---|
r-devel-linux-x86_64-debian-clang | 2.0.1 | 7.56 | 61.81 | 69.37 | NOTE | |
r-devel-linux-x86_64-debian-gcc | 2.0.1 | 5.35 | 47.12 | 52.47 | NOTE | |
r-devel-linux-x86_64-fedora-clang | 2.0.1 | 84.73 | NOTE | |||
r-devel-linux-x86_64-fedora-gcc | 2.0.1 | 97.23 | NOTE | |||
r-devel-windows-x86_64 | 2.0.1 | 7.00 | 76.00 | 83.00 | NOTE | |
r-patched-linux-x86_64 | 2.0.1 | 10.41 | 60.61 | 71.02 | OK | |
r-release-linux-x86_64 | 2.0.1 | 7.38 | 59.15 | 66.53 | OK | |
r-release-macos-arm64 | 2.0.1 | 41.00 | OK | |||
r-release-macos-x86_64 | 2.0.1 | 63.00 | OK | |||
r-release-windows-x86_64 | 2.0.1 | 8.00 | 82.00 | 90.00 | OK | |
r-oldrel-macos-arm64 | 2.0.1 | 33.00 | OK | |||
r-oldrel-macos-x86_64 | 2.0.1 | 44.00 | OK | |||
r-oldrel-windows-x86_64 | 2.0.1 | 9.00 | 78.00 | 87.00 | OK |
Version: 2.0.1
Check: Rd \usage sections
Result: NOTE
Documented arguments not in \usage in Rd file 'doHttrRequest.Rd':
‘session’ ‘params’
Documented arguments not in \usage in Rd file 'get_google_token.Rd':
‘shiny_return_token’
Functions with \usage entries need to have the appropriate \alias
entries, and all their arguments documented.
The \usage entries must correspond to syntactically valid R code.
See chapter ‘Writing R documentation files’ in the ‘Writing R
Extensions’ manual.
Flavors: r-devel-linux-x86_64-debian-clang, r-devel-linux-x86_64-debian-gcc, r-devel-linux-x86_64-fedora-clang, r-devel-linux-x86_64-fedora-gcc, r-devel-windows-x86_64