CRAN Package Check Results for Package googleadsR

Last updated on 2023-10-01 17:56:26 CEST.

Flavor Version Tinstall Tcheck Ttotal Status Flags
r-devel-linux-x86_64-debian-clang 1.0.0 1.77 27.09 28.86 OK
r-devel-linux-x86_64-debian-gcc 1.0.0 1.50 20.90 22.40 OK
r-devel-linux-x86_64-fedora-clang 1.0.0 36.50 NOTE
r-devel-linux-x86_64-fedora-gcc 1.0.0 47.35 NOTE
r-devel-windows-x86_64 1.0.0 4.00 43.00 47.00 OK
r-patched-linux-x86_64 1.0.0 1.43 26.07 27.50 OK
r-release-linux-x86_64 1.0.0 1.88 26.12 28.00 OK
r-release-macos-arm64 1.0.0 24.00 OK
r-release-macos-x86_64 1.0.0 33.00 OK
r-release-windows-x86_64 1.0.0 3.00 43.00 46.00 OK
r-oldrel-macos-arm64 1.0.0 19.00 OK
r-oldrel-macos-x86_64 1.0.0 26.00 NOTE
r-oldrel-windows-x86_64 1.0.0 6.00 48.00 54.00 OK

Check Details

Version: 1.0.0
Check: data for non-ASCII characters
Result: NOTE
     Note: found 1 marked UTF-8 string
Flavors: r-devel-linux-x86_64-fedora-clang, r-devel-linux-x86_64-fedora-gcc, r-oldrel-macos-x86_64