Last updated on 2022-05-16 18:50:09 CEST.
Flavor | Version | Tinstall | Tcheck | Ttotal | Status | Flags |
---|---|---|---|---|---|---|
r-devel-linux-x86_64-debian-clang | 1.0.0 | 8.74 | 98.19 | 106.93 | OK | |
r-devel-linux-x86_64-debian-gcc | 1.0.0 | 6.41 | 72.83 | 79.24 | OK | |
r-devel-linux-x86_64-fedora-clang | 1.0.0 | 123.24 | NOTE | |||
r-devel-linux-x86_64-fedora-gcc | 1.0.0 | 120.33 | OK | |||
r-devel-windows-x86_64 | 1.0.0 | 142.00 | 126.00 | 268.00 | OK | |
r-patched-linux-x86_64 | 1.0.0 | 10.91 | 91.28 | 102.19 | OK | |
r-release-linux-x86_64 | 1.0.0 | 8.07 | 91.53 | 99.60 | OK | |
r-release-macos-arm64 | 1.0.0 | 36.00 | OK | |||
r-release-macos-x86_64 | 1.0.0 | 70.00 | OK | |||
r-release-windows-x86_64 | 1.0.0 | 189.00 | 119.00 | 308.00 | OK | |
r-oldrel-macos-arm64 | 1.0.0 | 45.00 | OK | |||
r-oldrel-macos-x86_64 | 1.0.0 | 47.00 | OK | |||
r-oldrel-windows-ix86+x86_64 | 1.0.0 | 19.00 | 111.00 | 130.00 | OK |
Version: 1.0.0
Check: Rd cross-references
Result: NOTE
Undeclared package ‘jsonlite’ in Rd xrefs
Flavor: r-devel-linux-x86_64-fedora-clang