Last updated on 2024-03-28 11:53:27 CET.
Flavor | Version | Tinstall | Tcheck | Ttotal | Status | Flags |
---|---|---|---|---|---|---|
r-devel-linux-x86_64-debian-clang | 1.0.1 | 3.24 | 28.10 | 31.34 | OK | |
r-devel-linux-x86_64-debian-gcc | 1.0.1 | 2.12 | 22.01 | 24.13 | OK | |
r-devel-linux-x86_64-fedora-clang | 1.0.1 | 41.04 | OK | |||
r-devel-linux-x86_64-fedora-gcc | 1.0.1 | 51.83 | OK | |||
r-devel-windows-x86_64 | 1.0.1 | 6.00 | 206.00 | 212.00 | ERROR | |
r-patched-linux-x86_64 | 1.0.1 | 2.93 | 27.97 | 30.90 | OK | |
r-release-linux-x86_64 | 1.0.1 | 3.39 | 26.63 | 30.02 | OK | |
r-release-macos-arm64 | 1.0.1 | 24.00 | OK | |||
r-release-macos-x86_64 | 1.0.1 | 35.00 | OK | |||
r-release-windows-x86_64 | 1.0.1 | 6.00 | 54.00 | 60.00 | OK | |
r-oldrel-macos-arm64 | 1.0.1 | 21.00 | OK | |||
r-oldrel-windows-x86_64 | 1.0.1 | 21.00 | 92.00 | 113.00 | OK |
Version: 1.0.1
Check: tests
Result: ERROR
Running 'tinytest.R' [154s]
Running the tests in 'tests/tinytest.R' failed.
Complete output:
> library(gower)
> if ( require(tinytest) ){
+ test_package("gower")
+ }
Loading required package: tinytest
test_gh_issue_18.R............ 0 tests
test_gh_issue_18.R............ 0 tests
test_gh_issue_18.R............ 0 tests
test_gh_issue_18.R............ 0 tests
test_gh_issue_18.R............ 0 tests
test_gh_issue_18.R............ 1 tests <1b>[0;32mOK<1b>[0m <1b>[0;36m72ms<1b>[0m
test_gh_issue_8.R............. 0 tests <1b>[0;36m3ms<1b>[0m
test_gower.R.................. 0 tests
test_gower.R.................. 0 tests
test_gower.R.................. 0 tests
test_gower.R.................. 1 tests <1b>[0;32mOK<1b>[0m
test_gower.R.................. 1 tests <1b>[0;32mOK<1b>[0m
test_gower.R.................. 1 tests <1b>[0;32mOK<1b>[0m
test_gower.R.................. 2 tests <1b>[0;32mOK<1b>[0m
test_gower.R.................. 2 tests <1b>[0;32mOK<1b>[0m
test_gower.R.................. 3 tests <1b>[0;32mOK<1b>[0m
test_gower.R.................. 3 tests <1b>[0;32mOK<1b>[0m
test_gower.R.................. 4 tests <1b>[0;32mOK<1b>[0m
test_gower.R.................. 4 tests <1b>[0;32mOK<1b>[0m
test_gower.R.................. 4 tests <1b>[0;32mOK<1b>[0m
test_gower.R.................. 4 tests <1b>[0;32mOK<1b>[0m
test_gower.R.................. 4 tests <1b>[0;32mOK<1b>[0m
test_gower.R.................. 4 tests <1b>[0;32mOK<1b>[0m
test_gower.R.................. 4 tests <1b>[0;32mOK<1b>[0m
test_gower.R.................. 5 tests <1b>[0;32mOK<1b>[0m
test_gower.R.................. 6 tests <1b>[0;32mOK<1b>[0m
test_gower.R.................. 6 tests <1b>[0;32mOK<1b>[0m
test_gower.R.................. 7 tests <1b>[0;32mOK<1b>[0m
test_gower.R.................. 8 tests <1b>[0;32mOK<1b>[0m
test_gower.R.................. 8 tests <1b>[0;32mOK<1b>[0m
test_gower.R.................. 8 tests <1b>[0;32mOK<1b>[0m
test_gower.R.................. 8 tests <1b>[0;32mOK<1b>[0m
test_gower.R.................. 9 tests <1b>[0;32mOK<1b>[0m
test_gower.R.................. 10 tests <1b>[0;32mOK<1b>[0m
test_gower.R.................. 11 tests <1b>[0;32mOK<1b>[0m
test_gower.R.................. 12 tests <1b>[0;32mOK<1b>[0m
test_gower.R.................. 13 tests <1b>[0;32mOK<1b>[0m
test_gower.R.................. 14 tests <1b>[0;32mOK<1b>[0m
test_gower.R.................. 15 tests <1b>[0;32mOK<1b>[0m
test_gower.R.................. 15 tests <1b>[0;32mOK<1b>[0m
test_gower.R.................. 15 tests <1b>[0;32mOK<1b>[0m
test_gower.R.................. 15 tests <1b>[0;32mOK<1b>[0m
test_gower.R.................. 15 tests <1b>[0;32mOK<1b>[0m
test_gower.R.................. 15 tests <1b>[0;32mOK<1b>[0m
test_gower.R.................. 15 tests <1b>[0;32mOK<1b>[0m
test_gower.R.................. 15 tests <1b>[0;32mOK<1b>[0m
test_gower.R.................. 16 tests <1b>[0;32mOK<1b>[0m
test_gower.R.................. 17 tests <1b>[0;32mOK<1b>[0m
test_gower.R.................. 18 tests <1b>[0;32mOK<1b>[0m
test_gower.R.................. 19 tests <1b>[0;32mOK<1b>[0m
test_gower.R.................. 20 tests <1b>[0;32mOK<1b>[0m
test_gower.R.................. 21 tests <1b>[0;32mOK<1b>[0m
test_gower.R.................. 21 tests <1b>[0;32mOK<1b>[0m
test_gower.R.................. 22 tests <1b>[0;32mOK<1b>[0m
test_gower.R.................. 22 tests <1b>[0;32mOK<1b>[0m
test_gower.R.................. 23 tests <1b>[0;32mOK<1b>[0m
test_gower.R.................. 24 tests <1b>[0;32mOK<1b>[0m
test_gower.R.................. 24 tests <1b>[0;32mOK<1b>[0m
test_gower.R.................. 24 tests <1b>[0;32mOK<1b>[0m
test_gower.R.................. 24 tests <1b>[0;32mOK<1b>[0m
test_gower.R.................. 25 tests <1b>[0;32mOK<1b>[0m
test_gower.R.................. 26 tests <1b>[0;32mOK<1b>[0m
test_gower.R.................. 27 tests <1b>[0;32mOK<1b>[0m
test_gower.R.................. 28 tests <1b>[0;32mOK<1b>[0m
test_gower.R.................. 29 tests <1b>[0;32mOK<1b>[0m
test_gower.R.................. 29 tests <1b>[0;32mOK<1b>[0m
test_gower.R.................. 30 tests <1b>[0;32mOK<1b>[0m
test_gower.R.................. 31 tests <1b>[0;32mOK<1b>[0m
test_gower.R.................. 31 tests <1b>[0;32mOK<1b>[0m
test_gower.R.................. 31 tests <1b>[0;32mOK<1b>[0m
test_gower.R.................. 31 tests <1b>[0;32mOK<1b>[0m
test_gower.R.................. 31 tests <1b>[0;32mOK<1b>[0m
test_gower.R.................. 32 tests <1b>[0;32mOK<1b>[0m
test_gower.R.................. 33 tests <1b>[0;32mOK<1b>[0m
test_gower.R.................. 33 tests <1b>[0;32mOK<1b>[0m
test_gower.R.................. 33 tests <1b>[0;32mOK<1b>[0m
test_gower.R.................. 34 tests <1b>[0;32mOK<1b>[0m <1b>[0;36m46ms<1b>[0m
All ok, 35 results (0.1s)
>
>
> proc.time()
user system elapsed
0.34 0.04 0.37
Flavor: r-devel-windows-x86_64