Last updated on 2023-03-30 05:49:10 CEST.
Flavor | Version | Tinstall | Tcheck | Ttotal | Status | Flags |
---|---|---|---|---|---|---|
r-devel-linux-x86_64-debian-clang | 1.0.1 | 793.32 | 179.73 | 973.05 | OK | |
r-devel-linux-x86_64-debian-gcc | 1.0.1 | 691.93 | 405.58 | 1097.51 | OK | |
r-devel-linux-x86_64-fedora-clang | 1.0.1 | 1485.70 | NOTE | |||
r-devel-linux-x86_64-fedora-gcc | 1.0.1 | 1431.85 | OK | |||
r-devel-windows-x86_64 | 1.0.1 | 726.00 | 0.00 | 726.00 | NOTE | |
r-patched-linux-x86_64 | 1.0.1 | 720.37 | 189.29 | 909.66 | OK | |
r-release-linux-x86_64 | 1.0.1 | 744.88 | 190.44 | 935.32 | OK | |
r-release-macos-arm64 | 1.0.1 | 353.00 | NOTE | |||
r-release-macos-x86_64 | 1.0.1 | 439.00 | NOTE | |||
r-release-windows-x86_64 | 1.0.1 | 666.00 | 258.00 | 924.00 | NOTE | |
r-oldrel-macos-arm64 | 1.0.1 | 319.00 | NOTE | |||
r-oldrel-macos-x86_64 | 1.0.1 | 442.00 | NOTE | |||
r-oldrel-windows-ix86+x86_64 | 1.0.1 | 1693.00 | 302.00 | 1995.00 | NOTE |
Version: 1.0.1
Check: installed package size
Result: NOTE
installed size is 9.9Mb
sub-directories of 1Mb or more:
libs 9.0Mb
Flavors: r-devel-linux-x86_64-fedora-clang, r-devel-windows-x86_64, r-release-macos-arm64, r-release-macos-x86_64, r-release-windows-x86_64, r-oldrel-macos-arm64, r-oldrel-macos-x86_64, r-oldrel-windows-ix86+x86_64