CRAN Package Check Results for Package gplots

Last updated on 2021-11-28 23:50:28 CET.

Flavor Version Tinstall Tcheck Ttotal Status Flags
r-devel-linux-x86_64-debian-clang 3.1.1 OK
r-devel-linux-x86_64-debian-gcc 3.1.1 5.67 58.90 64.57 OK
r-devel-linux-x86_64-fedora-clang 3.1.1 114.22 NOTE
r-devel-linux-x86_64-fedora-gcc 3.1.1 103.30 OK
r-devel-windows-x86_64-new-UL 3.1.1 16.00 130.00 146.00 OK
r-devel-windows-x86_64-new-TK 3.1.1 OK
r-devel-windows-x86_64-old 3.1.1 13.00 108.00 121.00 OK
r-patched-linux-x86_64 3.1.1 8.41 75.38 83.79 OK
r-patched-solaris-x86 3.1.1 132.60 OK
r-release-linux-x86_64 3.1.1 6.87 75.73 82.60 OK
r-release-macos-arm64 3.1.1 OK
r-release-macos-x86_64 3.1.1 OK
r-release-windows-ix86+x86_64 3.1.1 13.00 78.00 91.00 OK
r-oldrel-macos-x86_64 3.1.1 OK
r-oldrel-windows-ix86+x86_64 3.1.1 11.00 101.00 112.00 OK

Check Details

Version: 3.1.1
Check: Rd cross-references
Result: NOTE
    Undeclared package ‘r2d2’ in Rd xrefs
Flavor: r-devel-linux-x86_64-fedora-clang