CRAN Package Check Results for Package gplots

Last updated on 2020-12-01 05:47:04 CET.

Flavor Version Tinstall Tcheck Ttotal Status Flags
r-devel-linux-x86_64-debian-clang 3.1.0 10.13 76.02 86.15 ERROR
r-devel-linux-x86_64-debian-gcc 3.1.1 6.85 58.84 65.69 OK
r-devel-linux-x86_64-fedora-clang 3.1.1 112.01 NOTE
r-devel-linux-x86_64-fedora-gcc 3.1.1 100.22 OK
r-devel-windows-ix86+x86_64 3.1.1 14.00 95.00 109.00 OK
r-patched-linux-x86_64 3.1.0 9.13 78.30 87.43 OK
r-patched-solaris-x86 3.1.1 132.70 OK
r-release-linux-x86_64 3.1.0 9.15 74.40 83.55 OK
r-release-macos-x86_64 3.1.1 OK
r-release-windows-ix86+x86_64 3.1.1 13.00 76.00 89.00 OK
r-oldrel-macos-x86_64 3.1.1 OK
r-oldrel-windows-ix86+x86_64 3.1.1 9.00 76.00 85.00 OK

Check Details

Version: 3.1.0
Check: examples
Result: ERROR
    Running examples in 'gplots-Ex.R' failed
    The error most likely occurred in:
    
    > base::assign(".ptime", proc.time(), pos = "CheckExEnv")
    > ### Name: plotmeans
    > ### Title: Plot Group Means and Confidence Intervals
    > ### Aliases: plotmeans
    > ### Keywords: hplot
    >
    > ### ** Examples
    >
    >
    > # show comparison with boxplot
    > data(state)
    > plotmeans(state.area ~ state.region)
    >
    > # show some color and mean labels
    > plotmeans(state.area ~ state.region,
    + mean.labels=TRUE, digits=-3,
    + col="red", connect=FALSE)
    >
    > # show how to specify which means should be connected
    > plotmeans(state.area ~ state.region, connect=list(1:2, 3:4),
    + ccol="red", pch=7 )
    >
    > # more complicated example showing how to show an interaction
    > data(esoph)
    > par(las=2, # use perpendicular axis labels
    + mar=c(10.1,4.1,4.1,2.1), # create enough space for long x labels
    + mgp=c(8,1,0) # move x axis legend down to avoid overlap
    + )
    > plotmeans(ncases/ncontrols ~ interaction(agegp , alcgp, sep =" "),
    + connect=list(1:6,7:12,13:18,19:24),
    + barwidth=2,
    + col="dark green",
    + data=esoph,
    + xlab="Age Group and Alcohol Consumption",
    + ylab="# Cases / # Controls",
    + main=c("Fraction of Cases for by Age and Alcohol Consumption",
    + "Ile-et-Vilaine Esophageal Cancer Study")
    + )
    Error in plot.window(...) : need finite 'ylim' values
    Calls: plotmeans ... plotCI -> plot -> plot.default -> localWindow -> plot.window
    Execution halted
Flavor: r-devel-linux-x86_64-debian-clang

Version: 3.1.1
Check: Rd cross-references
Result: NOTE
    Undeclared package ‘r2d2’ in Rd xrefs
Flavor: r-devel-linux-x86_64-fedora-clang