CRAN Package Check Results for Package gprofiler2

Last updated on 2019-06-23 11:48:09 CEST.

Flavor Version Tinstall Tcheck Ttotal Status Flags
r-devel-linux-x86_64-debian-clang 0.1.4 5.31 44.91 50.22 OK
r-devel-linux-x86_64-debian-gcc 0.1.4 4.26 35.56 39.82 OK
r-devel-linux-x86_64-fedora-clang 0.1.4 60.59 OK
r-devel-linux-x86_64-fedora-gcc 0.1.4 57.69 OK
r-devel-windows-ix86+x86_64 0.1.4 21.00 67.00 88.00 OK
r-patched-linux-x86_64 0.1.4 5.01 45.41 50.42 OK
r-patched-solaris-x86 0.1.4 87.00 OK
r-release-linux-x86_64 0.1.4 5.78 45.27 51.05 OK
r-release-windows-ix86+x86_64 0.1.4 14.00 123.00 137.00 OK
r-release-osx-x86_64 0.1.4 ERROR
r-oldrel-windows-ix86+x86_64 0.1.4 7.00 170.00 177.00 OK
r-oldrel-osx-x86_64 0.1.4 ERROR

Check Details

Version: 0.1.4
Check: examples
Result: ERROR
    Running examples in ‘gprofiler2-Ex.R’ failed
    The error most likely occurred in:
    
    > ### Name: gconvert
    > ### Title: Gene ID conversion.
    > ### Aliases: gconvert
    >
    > ### ** Examples
    >
    > gconvert(c("POU5F1", "SOX2", "NANOG"), organism = "hsapiens", target="AFFY_HG_U133_PLUS_2")
    Error in function (type, msg, asError = TRUE) :
     Failed to connect to biit.cs.ut.ee port 80: Operation timed out
    Calls: gconvert -> <Anonymous> -> <Anonymous> -> fun
    Execution halted
Flavors: r-release-osx-x86_64, r-oldrel-osx-x86_64