CRAN Package Check Results for Package gqlr

Last updated on 2023-03-30 17:52:31 CEST.

Flavor Version Tinstall Tcheck Ttotal Status Flags
r-devel-linux-x86_64-debian-clang 0.0.2 13.79 219.18 232.97 NOTE
r-devel-linux-x86_64-debian-gcc 0.0.2 12.46 186.85 199.31 NOTE
r-devel-linux-x86_64-fedora-clang 0.0.2 287.27 NOTE
r-devel-linux-x86_64-fedora-gcc 0.0.2 302.71 NOTE
r-devel-windows-x86_64 0.0.2 34.00 0.00 34.00 NOTE
r-patched-linux-x86_64 0.0.2 15.44 209.72 225.16 NOTE
r-release-linux-x86_64 0.0.2 15.70 200.41 216.11 NOTE
r-release-macos-arm64 0.0.2 63.00 NOTE
r-release-macos-x86_64 0.0.2 82.00 NOTE
r-release-windows-x86_64 0.0.2 39.00 250.00 289.00 NOTE
r-oldrel-macos-arm64 0.0.2 76.00 NOTE
r-oldrel-macos-x86_64 0.0.2 126.00 NOTE
r-oldrel-windows-ix86+x86_64 0.0.2 38.00 249.00 287.00 NOTE

Check Details

Version: 0.0.2
Check: LazyData
Result: NOTE
     'LazyData' is specified without a 'data' directory
Flavors: r-devel-linux-x86_64-debian-clang, r-devel-linux-x86_64-debian-gcc, r-devel-linux-x86_64-fedora-clang, r-devel-linux-x86_64-fedora-gcc, r-devel-windows-x86_64, r-patched-linux-x86_64, r-release-linux-x86_64, r-release-macos-arm64, r-release-macos-x86_64, r-release-windows-x86_64, r-oldrel-macos-arm64, r-oldrel-macos-x86_64, r-oldrel-windows-ix86+x86_64