Last updated on 2024-03-29 06:56:28 CET.
Flavor | Version | Tinstall | Tcheck | Ttotal | Status | Flags |
---|---|---|---|---|---|---|
r-devel-linux-x86_64-debian-clang | 0.0.2 | 19.46 | 222.22 | 241.68 | NOTE | |
r-devel-linux-x86_64-debian-gcc | 0.0.2 | 12.22 | 163.40 | 175.62 | NOTE | |
r-devel-linux-x86_64-fedora-clang | 0.0.2 | 327.16 | NOTE | |||
r-devel-linux-x86_64-fedora-gcc | 0.0.2 | 287.89 | NOTE | |||
r-devel-windows-x86_64 | 0.0.2 | 14.00 | 160.00 | 174.00 | NOTE | |
r-patched-linux-x86_64 | 0.0.2 | 17.22 | 225.17 | 242.39 | NOTE | |
r-release-linux-x86_64 | 0.0.2 | 16.44 | 208.16 | 224.60 | NOTE | |
r-release-macos-arm64 | 0.0.2 | 72.00 | NOTE | |||
r-release-macos-x86_64 | 0.0.2 | 126.00 | NOTE | |||
r-release-windows-x86_64 | 0.0.2 | 19.00 | 209.00 | 228.00 | NOTE | |
r-oldrel-macos-arm64 | 0.0.2 | 63.00 | NOTE | |||
r-oldrel-windows-x86_64 | 0.0.2 | 18.00 | 234.00 | 252.00 | NOTE |
Version: 0.0.2
Check: LazyData
Result: NOTE
'LazyData' is specified without a 'data' directory
Flavors: r-devel-linux-x86_64-debian-clang, r-devel-linux-x86_64-debian-gcc, r-devel-linux-x86_64-fedora-clang, r-devel-linux-x86_64-fedora-gcc, r-devel-windows-x86_64, r-patched-linux-x86_64, r-release-linux-x86_64, r-release-macos-arm64, r-release-macos-x86_64, r-release-windows-x86_64, r-oldrel-macos-arm64, r-oldrel-windows-x86_64