Last updated on 2023-03-20 11:53:48 CET.
Flavor | Version | Tinstall | Tcheck | Ttotal | Status | Flags |
---|---|---|---|---|---|---|
r-devel-linux-x86_64-debian-clang | 0.1.0 | OK | ||||
r-devel-linux-x86_64-debian-gcc | 0.1.0 | 5.48 | 41.43 | 46.91 | OK | |
r-devel-linux-x86_64-fedora-clang | 0.1.0 | 77.43 | OK | |||
r-devel-linux-x86_64-fedora-gcc | 0.1.0 | 70.57 | OK | |||
r-patched-linux-x86_64 | 0.1.0 | 6.19 | 53.42 | 59.61 | OK | |
r-release-linux-x86_64 | 0.1.0 | 5.37 | 52.51 | 57.88 | OK | |
r-release-macos-arm64 | 0.1.0 | 28.00 | OK | |||
r-release-macos-x86_64 | 0.1.0 | 37.00 | OK | |||
r-release-windows-x86_64 | 0.1.0 | 15.00 | 85.00 | 100.00 | OK | |
r-oldrel-macos-arm64 | 0.1.0 | 25.00 | OK | |||
r-oldrel-macos-x86_64 | 0.1.0 | 39.00 | OK | |||
r-oldrel-windows-ix86+x86_64 | 0.1.0 | 19.00 | 90.00 | 109.00 | NOTE |
Version: 0.1.0
Check: R code for possible problems
Result: NOTE
Initiating curl with CURL_SSL_BACKEND: openssl
Flavor: r-oldrel-windows-ix86+x86_64