CRAN Package Check Results for Package graphTweets

Last updated on 2021-06-23 11:52:44 CEST.

Flavor Version Tinstall Tcheck Ttotal Status Flags
r-devel-linux-x86_64-debian-clang 0.5.3 4.34 45.55 49.89 OK
r-devel-linux-x86_64-debian-gcc 0.5.3 3.34 34.03 37.37 OK
r-devel-linux-x86_64-fedora-clang 0.5.3 66.94 NOTE
r-devel-linux-x86_64-fedora-gcc 0.5.3 57.94 NOTE
r-devel-windows-x86_64 0.5.3 7.00 48.00 55.00 OK
r-devel-windows-x86_64-gcc10-UCRT 0.5.3 NOTE
r-patched-linux-x86_64 0.5.3 3.87 43.05 46.92 OK
r-patched-solaris-x86 0.5.3 81.60 NOTE
r-release-linux-x86_64 0.5.3 3.74 42.38 46.12 OK
r-release-macos-arm64 0.5.3 NOTE
r-release-macos-x86_64 0.5.3 NOTE
r-release-windows-ix86+x86_64 0.5.3 9.00 45.00 54.00 OK
r-oldrel-macos-x86_64 0.5.3 NOTE

Check Details

Version: 0.5.3
Check: dependencies in R code
Result: NOTE
    Namespace in Imports field not imported from: ‘utils’
     All declared Imports should be used.
Flavors: r-devel-linux-x86_64-fedora-clang, r-devel-linux-x86_64-fedora-gcc, r-devel-windows-x86_64-gcc10-UCRT, r-patched-solaris-x86, r-release-macos-arm64, r-release-macos-x86_64, r-oldrel-macos-x86_64

Version: 0.5.3
Check: package dependencies
Result: NOTE
    Package suggested but not available for checking: 'rtweet'
Flavor: r-devel-windows-x86_64-gcc10-UCRT

Version: 0.5.3
Check: Rd cross-references
Result: NOTE
    Package unavailable to check Rd xrefs: 'rtweet'
Flavor: r-devel-windows-x86_64-gcc10-UCRT