Last updated on 2024-04-17 23:55:33 CEST.
Flavor | Version | Tinstall | Tcheck | Ttotal | Status | Flags |
---|---|---|---|---|---|---|
r-devel-linux-x86_64-debian-clang | 0.5.3 | 5.69 | 46.37 | 52.06 | OK | |
r-devel-linux-x86_64-debian-gcc | 0.5.3 | 4.12 | 34.92 | 39.04 | OK | |
r-devel-linux-x86_64-fedora-clang | 0.5.3 | 65.02 | NOTE | |||
r-devel-linux-x86_64-fedora-gcc | 0.5.3 | 61.07 | NOTE | |||
r-prerel-macos-arm64 | 0.5.3 | 24.00 | OK | |||
r-prerel-windows-x86_64 | 0.5.3 | 5.00 | 55.00 | 60.00 | OK | |
r-patched-linux-x86_64 | 0.5.3 | 5.10 | 43.57 | 48.67 | OK | |
r-release-linux-x86_64 | 0.5.3 | 4.22 | 45.35 | 49.57 | OK | |
r-release-macos-arm64 | 0.5.3 | 24.00 | OK | |||
r-release-macos-x86_64 | 0.5.3 | 34.00 | OK | |||
r-release-windows-x86_64 | 0.5.3 | 8.00 | 60.00 | 68.00 | OK | |
r-oldrel-macos-arm64 | 0.5.3 | 23.00 | NOTE | |||
r-oldrel-windows-x86_64 | 0.5.3 | 8.00 | 63.00 | 71.00 | OK |
Version: 0.5.3
Check: dependencies in R code
Result: NOTE
Namespace in Imports field not imported from: ‘utils’
All declared Imports should be used.
Flavors: r-devel-linux-x86_64-fedora-clang, r-devel-linux-x86_64-fedora-gcc, r-oldrel-macos-arm64