Last updated on 2024-03-29 06:56:28 CET.
Flavor | Version | Tinstall | Tcheck | Ttotal | Status | Flags |
---|---|---|---|---|---|---|
r-devel-linux-x86_64-debian-clang | 1.0.0 | 10.58 | 131.35 | 141.93 | NOTE | |
r-devel-linux-x86_64-debian-gcc | 1.0.0 | 9.46 | 98.27 | 107.73 | NOTE | |
r-devel-linux-x86_64-fedora-clang | 1.0.0 | 182.14 | NOTE | |||
r-devel-linux-x86_64-fedora-gcc | 1.0.0 | 189.11 | NOTE | |||
r-devel-windows-x86_64 | 1.0.0 | 13.00 | 112.00 | 125.00 | NOTE | |
r-patched-linux-x86_64 | 1.0.0 | 11.92 | 124.63 | 136.55 | NOTE | |
r-release-linux-x86_64 | 1.0.0 | 10.54 | 129.80 | 140.34 | NOTE | |
r-release-macos-arm64 | 1.0.0 | 67.00 | NOTE | |||
r-release-macos-x86_64 | 1.0.0 | 98.00 | NOTE | |||
r-release-windows-x86_64 | 1.0.0 | 15.00 | 134.00 | 149.00 | NOTE | |
r-oldrel-macos-arm64 | 1.0.0 | 49.00 | NOTE | |||
r-oldrel-windows-x86_64 | 1.0.0 | 16.00 | 153.00 | 169.00 | NOTE |
Version: 1.0.0
Check: LazyData
Result: NOTE
'LazyData' is specified without a 'data' directory
Flavors: r-devel-linux-x86_64-debian-clang, r-devel-linux-x86_64-debian-gcc, r-devel-linux-x86_64-fedora-clang, r-devel-linux-x86_64-fedora-gcc, r-devel-windows-x86_64, r-patched-linux-x86_64, r-release-linux-x86_64, r-release-macos-arm64, r-release-macos-x86_64, r-release-windows-x86_64, r-oldrel-macos-arm64, r-oldrel-windows-x86_64
Version: 1.0.0
Check: dependencies in R code
Result: NOTE
Namespace in Imports field not imported from: ‘reshape2’
All declared Imports should be used.
Flavors: r-devel-linux-x86_64-fedora-clang, r-devel-linux-x86_64-fedora-gcc, r-oldrel-macos-arm64