CRAN Package Check Results for Package greed

Last updated on 2022-10-07 17:52:02 CEST.

Flavor Version Tinstall Tcheck Ttotal Status Flags
r-devel-linux-x86_64-debian-clang 0.6.0 382.22 373.32 755.54 WARN
r-devel-linux-x86_64-debian-gcc 0.6.1 306.61 231.47 538.08 OK
r-devel-linux-x86_64-fedora-clang 0.6.1 864.85 NOTE
r-devel-linux-x86_64-fedora-gcc 0.6.1 951.66 NOTE
r-devel-windows-x86_64 0.6.1 255.00 326.00 581.00 OK
r-patched-linux-x86_64 0.6.1 349.41 299.01 648.42 OK
r-release-linux-x86_64 0.6.1 335.55 293.98 629.53 OK
r-release-macos-arm64 0.6.1 205.00 NOTE
r-release-macos-x86_64 0.6.1 279.00 NOTE
r-release-windows-x86_64 0.6.1 300.00 400.00 700.00 OK
r-oldrel-macos-arm64 0.6.0 199.00 NOTE
r-oldrel-macos-x86_64 0.6.1 278.00 NOTE
r-oldrel-windows-ix86+x86_64 0.6.1 609.00 620.00 1229.00 NOTE

Check Details

Version: 0.6.0
Check: whether package can be installed
Result: WARN
    Found the following significant warnings:
     SimpleIclCoModel.cpp:219:6: warning: use of bitwise '&' with boolean operands [-Wbitwise-instead-of-logical]
     SimpleIclCoModel.cpp:223:6: warning: use of bitwise '&' with boolean operands [-Wbitwise-instead-of-logical]
Flavor: r-devel-linux-x86_64-debian-clang

Version: 0.6.1
Check: data for non-ASCII characters
Result: NOTE
     Note: found 989 marked UTF-8 strings
Flavors: r-devel-linux-x86_64-fedora-clang, r-devel-linux-x86_64-fedora-gcc, r-release-macos-arm64, r-release-macos-x86_64, r-oldrel-macos-x86_64

Version: 0.6.1
Check: installed package size
Result: NOTE
     installed size is 19.7Mb
     sub-directories of 1Mb or more:
     libs 17.4Mb
Flavors: r-release-macos-arm64, r-release-macos-x86_64, r-oldrel-macos-x86_64, r-oldrel-windows-ix86+x86_64

Version: 0.6.0
Check: installed package size
Result: NOTE
     installed size is 19.3Mb
     sub-directories of 1Mb or more:
     libs 16.9Mb
Flavor: r-oldrel-macos-arm64

Version: 0.6.0
Check: data for non-ASCII characters
Result: NOTE
     Note: found 989 marked UTF-8 strings
Flavor: r-oldrel-macos-arm64