CRAN Package Check Results for Package gridBase

Last updated on 2021-05-14 11:50:45 CEST.

Flavor Version Tinstall Tcheck Ttotal Status Flags
r-devel-linux-x86_64-debian-clang 0.4-7 1.78 27.29 29.07 NOTE
r-devel-linux-x86_64-debian-gcc 0.4-7 1.67 22.08 23.75 NOTE
r-devel-linux-x86_64-fedora-clang 0.4-7 47.00 NOTE
r-devel-linux-x86_64-fedora-gcc 0.4-7 34.55 NOTE
r-devel-windows-ix86+x86_64 0.4-7 4.00 34.00 38.00 NOTE
r-devel-windows-x86_64-gcc10-UCRT 0.4-7 NOTE
r-patched-linux-x86_64 0.4-7 2.22 27.20 29.42 NOTE
r-patched-solaris-x86 0.4-7 53.40 NOTE
r-release-linux-x86_64 0.4-7 1.86 26.78 28.64 NOTE
r-release-macos-x86_64 0.4-7 NOTE
r-release-windows-ix86+x86_64 0.4-7 3.00 56.00 59.00 NOTE
r-oldrel-macos-x86_64 0.4-7 NOTE
r-oldrel-windows-ix86+x86_64 0.4-7 4.00 34.00 38.00 NOTE

Check Details

Version: 0.4-7
Check: DESCRIPTION meta-information
Result: NOTE
    Malformed Description field: should contain one or more complete sentences.
Flavors: r-devel-linux-x86_64-debian-clang, r-devel-linux-x86_64-debian-gcc, r-devel-linux-x86_64-fedora-clang, r-devel-linux-x86_64-fedora-gcc, r-devel-windows-ix86+x86_64, r-devel-windows-x86_64-gcc10-UCRT, r-patched-linux-x86_64, r-patched-solaris-x86, r-release-linux-x86_64, r-release-macos-x86_64, r-release-windows-ix86+x86_64, r-oldrel-macos-x86_64, r-oldrel-windows-ix86+x86_64