CRAN Package Check Results for Package grmsem

Last updated on 2023-09-26 12:07:29 CEST.

Flavor Version Tinstall Tcheck Ttotal Status Flags
r-devel-linux-x86_64-debian-clang 1.1.0 5.61 451.58 457.19 OK
r-devel-linux-x86_64-debian-gcc 1.1.0 3.80 371.14 374.94 OK
r-devel-linux-x86_64-fedora-clang 1.1.0 576.52 NOTE
r-devel-linux-x86_64-fedora-gcc 1.1.0 556.01 NOTE
r-devel-windows-x86_64 1.1.0 7.00 471.00 478.00 OK
r-patched-linux-x86_64 1.1.0 5.75 450.04 455.79 OK
r-release-linux-x86_64 1.1.0 3.40 438.04 441.44 OK
r-release-macos-arm64 1.1.0 269.00 OK
r-release-macos-x86_64 1.1.0 451.00 OK
r-release-windows-x86_64 1.1.0 7.00 456.00 463.00 OK
r-oldrel-macos-arm64 1.1.0 162.00 OK
r-oldrel-macos-x86_64 1.1.0 177.00 NOTE
r-oldrel-windows-x86_64 1.1.0 8.00 292.00 300.00 OK

Check Details

Version: 1.1.0
Check: dependencies in R code
Result: NOTE
    Namespace in Imports field not imported from: ‘msm’
     All declared Imports should be used.
Flavors: r-devel-linux-x86_64-fedora-clang, r-devel-linux-x86_64-fedora-gcc, r-oldrel-macos-x86_64