CRAN Package Check Results for Package gromovlab

Last updated on 2020-10-20 11:48:32 CEST.

Flavor Version Tinstall Tcheck Ttotal Status Flags
r-devel-linux-x86_64-debian-clang 0.7-6 3.85 34.77 38.62 OK
r-devel-linux-x86_64-debian-gcc 0.7-6 2.90 27.18 30.08 OK
r-devel-linux-x86_64-fedora-clang 0.7-6 54.79 NOTE
r-devel-linux-x86_64-fedora-gcc 0.7-6 45.64 OK
r-devel-windows-ix86+x86_64 0.7-6 8.00 45.00 53.00 OK
r-patched-linux-x86_64 0.7-6 3.85 33.70 37.55 OK
r-patched-solaris-x86 0.7-6 72.60 OK
r-release-linux-x86_64 0.7-6 3.55 33.43 36.98 OK
r-release-macos-x86_64 0.7-6 OK
r-release-windows-ix86+x86_64 0.7-6 7.00 44.00 51.00 OK
r-oldrel-macos-x86_64 0.7-6 OK
r-oldrel-windows-ix86+x86_64 0.7-6 7.00 55.00 62.00 OK

Check Details

Version: 0.7-6
Check: Rd cross-references
Result: NOTE
    Undeclared package ‘phangorn’ in Rd xrefs
Flavor: r-devel-linux-x86_64-fedora-clang