CRAN Package Check Results for Package grt

Last updated on 2024-02-28 17:48:28 CET.

Flavor Version Tinstall Tcheck Ttotal Status Flags
r-devel-linux-x86_64-debian-clang 0.2.1 3.18 45.54 48.72 NOTE
r-devel-linux-x86_64-debian-gcc 0.2.1 3.34 36.55 39.89 NOTE
r-devel-linux-x86_64-fedora-clang 0.2.1 62.95 NOTE
r-devel-linux-x86_64-fedora-gcc 0.2.1 64.58 NOTE
r-devel-windows-x86_64 0.2.1 5.00 64.00 69.00 OK
r-patched-linux-x86_64 0.2.1 5.57 44.15 49.72 OK
r-release-linux-x86_64 0.2.1 3.86 43.31 47.17 OK
r-release-macos-arm64 0.2.1 23.00 OK
r-release-macos-x86_64 0.2.1 32.00 OK
r-release-windows-x86_64 0.2.1 5.00 68.00 73.00 OK
r-oldrel-macos-arm64 0.2.1 22.00 OK
r-oldrel-windows-x86_64 0.2.1 6.00 69.00 75.00 OK

Check Details

Version: 0.2.1
Check: Rd files
Result: NOTE checkRd: (-1) qdb.p.correct.Rd:14: Lost braces; missing escapes or markup? 14 | \item{refpts}{a numeric vector used as a reference point to determine the correct side of the \code{qdb} for classifying \code{x}. The \code{length(refpts)} should be equal to {ncol(x)}. Default to \code{colMeans(x)}. } | ^ Flavors: r-devel-linux-x86_64-debian-clang, r-devel-linux-x86_64-debian-gcc, r-devel-linux-x86_64-fedora-clang, r-devel-linux-x86_64-fedora-gcc