Last updated on 2024-04-25 17:49:51 CEST.
Flavor | Version | Tinstall | Tcheck | Ttotal | Status | Flags |
---|---|---|---|---|---|---|
r-devel-linux-x86_64-debian-clang | 0.2.0 | 1.94 | 31.84 | 33.78 | NOTE | |
r-devel-linux-x86_64-debian-gcc | 0.2.0 | 1.51 | 25.30 | 26.81 | NOTE | |
r-devel-linux-x86_64-fedora-clang | 0.2.0 | 45.40 | NOTE | |||
r-devel-linux-x86_64-fedora-gcc | 0.2.0 | 55.22 | NOTE | |||
r-devel-windows-x86_64 | 0.2.0 | 4.00 | 46.00 | 50.00 | NOTE | |
r-patched-linux-x86_64 | 0.2.0 | 1.73 | 31.63 | 33.36 | NOTE | |
r-release-linux-x86_64 | 0.2.0 | 1.59 | 30.88 | 32.47 | OK | |
r-release-macos-arm64 | 0.2.0 | 23.00 | NOTE | |||
r-release-windows-x86_64 | 0.2.0 | 3.00 | 45.00 | 48.00 | NOTE | |
r-oldrel-macos-arm64 | 0.2.0 | 24.00 | OK | |||
r-oldrel-macos-x86_64 | 0.2.0 | 35.00 | OK | |||
r-oldrel-windows-x86_64 | 0.2.0 | 3.00 | 46.00 | 49.00 | OK |
Version: 0.2.0
Check: Rd files
Result: NOTE
checkRd: (-1) lisiecki2005.Rd:21: Lost braces in \itemize; meant \describe ?
checkRd: (-1) lisiecki2005.Rd:22: Lost braces in \itemize; meant \describe ?
checkRd: (-1) lisiecki2005.Rd:23: Lost braces in \itemize; meant \describe ?
checkRd: (-1) spratt2016.Rd:21: Lost braces in \itemize; meant \describe ?
checkRd: (-1) spratt2016.Rd:22: Lost braces in \itemize; meant \describe ?
checkRd: (-1) spratt2016.Rd:23: Lost braces in \itemize; meant \describe ?
checkRd: (-1) spratt2016.Rd:24: Lost braces in \itemize; meant \describe ?
checkRd: (-1) spratt2016.Rd:25: Lost braces in \itemize; meant \describe ?
checkRd: (-1) spratt2016.Rd:26: Lost braces in \itemize; meant \describe ?
checkRd: (-1) spratt2016.Rd:27: Lost braces in \itemize; meant \describe ?
checkRd: (-1) spratt2016.Rd:28: Lost braces in \itemize; meant \describe ?
checkRd: (-1) spratt2016.Rd:29: Lost braces in \itemize; meant \describe ?
Flavors: r-devel-linux-x86_64-debian-clang, r-devel-linux-x86_64-debian-gcc, r-devel-linux-x86_64-fedora-clang, r-devel-linux-x86_64-fedora-gcc, r-devel-windows-x86_64, r-patched-linux-x86_64, r-release-macos-arm64, r-release-windows-x86_64