Last updated on 2023-03-27 06:50:08 CEST.
Flavor | Version | Tinstall | Tcheck | Ttotal | Status | Flags |
---|---|---|---|---|---|---|
r-devel-linux-x86_64-debian-clang | 0.1.7 | 3.10 | 23.16 | 26.26 | NOTE | |
r-devel-linux-x86_64-debian-gcc | 0.1.7 | 2.33 | 18.60 | 20.93 | NOTE | |
r-devel-linux-x86_64-fedora-clang | 0.1.7 | 32.81 | NOTE | |||
r-devel-linux-x86_64-fedora-gcc | 0.1.7 | 31.55 | NOTE | |||
r-patched-linux-x86_64 | 0.1.7 | 2.30 | 22.66 | 24.96 | NOTE | |
r-release-linux-x86_64 | 0.1.7 | 2.14 | 24.29 | 26.43 | NOTE | |
r-release-macos-arm64 | 0.1.7 | 16.00 | NOTE | |||
r-release-macos-x86_64 | 0.1.7 | 20.00 | NOTE | |||
r-release-windows-x86_64 | 0.1.7 | 8.00 | 48.00 | 56.00 | NOTE | |
r-oldrel-macos-arm64 | 0.1.7 | 23.00 | NOTE | |||
r-oldrel-macos-x86_64 | 0.1.7 | 31.00 | NOTE | |||
r-oldrel-windows-ix86+x86_64 | 0.1.7 | 8.00 | 36.00 | 44.00 | NOTE |
Version: 0.1.7
Check: DESCRIPTION meta-information
Result: NOTE
Malformed Description field: should contain one or more complete sentences.
Flavors: r-devel-linux-x86_64-debian-clang, r-devel-linux-x86_64-debian-gcc, r-devel-linux-x86_64-fedora-clang, r-devel-linux-x86_64-fedora-gcc, r-patched-linux-x86_64, r-release-linux-x86_64, r-release-macos-arm64, r-release-macos-x86_64, r-release-windows-x86_64, r-oldrel-macos-arm64, r-oldrel-macos-x86_64, r-oldrel-windows-ix86+x86_64
Version: 0.1.7
Check: compiled code
Result: NOTE
File ‘gsmoothr/libs/gsmoothr.so’:
Found no call to: ‘R_useDynamicSymbols’
It is good practice to register native routines and to disable symbol
search.
See ‘Writing portable packages’ in the ‘Writing R Extensions’ manual.
Flavors: r-devel-linux-x86_64-fedora-clang, r-devel-linux-x86_64-fedora-gcc