CRAN Package Check Results for Package gsscopu

Last updated on 2019-07-16 05:48:15 CEST.

Flavor Version Tinstall Tcheck Ttotal Status Flags
r-devel-linux-x86_64-debian-clang 0.9-3 6.38 42.41 48.79 OK
r-devel-linux-x86_64-debian-gcc 0.9-3 5.12 33.59 38.71 OK
r-devel-linux-x86_64-fedora-clang 0.9-3 57.06 NOTE
r-devel-linux-x86_64-fedora-gcc 0.9-3 61.86 NOTE
r-devel-windows-ix86+x86_64 0.9-3 14.00 75.00 89.00 OK
r-patched-linux-x86_64 0.9-3 5.78 42.69 48.47 OK
r-patched-solaris-x86 0.9-3 92.50 OK
r-release-linux-x86_64 0.9-3 6.19 43.43 49.62 OK
r-release-windows-ix86+x86_64 0.9-3 15.00 74.00 89.00 OK
r-release-osx-x86_64 0.9-3 OK
r-oldrel-windows-ix86+x86_64 0.9-3 12.00 93.00 105.00 OK
r-oldrel-osx-x86_64 0.9-3 OK

Check Details

Version: 0.9-3
Check: compiled code
Result: NOTE
    File ‘gsscopu/libs/gsscopu.so’:
     Found no calls to: ‘R_registerRoutines’, ‘R_useDynamicSymbols’
    
    It is good practice to register native routines and to disable symbol
    search.
    
    See ‘Writing portable packages’ in the ‘Writing R Extensions’ manual.
Flavors: r-devel-linux-x86_64-fedora-clang, r-devel-linux-x86_64-fedora-gcc