CRAN Package Check Results for Package gsscopu

Last updated on 2019-05-27 00:16:52 CEST.

Flavor Version Tinstall Tcheck Ttotal Status Flags
r-devel-linux-x86_64-debian-clang 0.9-3 6.75 42.54 49.29 OK
r-devel-linux-x86_64-debian-gcc 0.9-3 5.58 33.73 39.31 OK
r-devel-linux-x86_64-fedora-clang 0.9-3 58.26 NOTE
r-devel-linux-x86_64-fedora-gcc 0.9-3 59.38 NOTE
r-devel-windows-ix86+x86_64 0.9-3 107.00 98.00 205.00 OK
r-patched-linux-x86_64 0.9-3 OK
r-patched-solaris-x86 0.9-3 91.90 OK
r-release-linux-x86_64 0.9-3 6.96 42.87 49.83 OK
r-release-windows-ix86+x86_64 0.9-3 20.00 78.00 98.00 OK
r-release-osx-x86_64 0.9-3 OK
r-oldrel-windows-ix86+x86_64 0.9-3 11.00 66.00 77.00 OK
r-oldrel-osx-x86_64 0.9-3 OK

Check Details

Version: 0.9-3
Check: compiled code
Result: NOTE
    File ‘gsscopu/libs/gsscopu.so’:
     Found no calls to: ‘R_registerRoutines’, ‘R_useDynamicSymbols’
    
    It is good practice to register native routines and to disable symbol
    search.
    
    See ‘Writing portable packages’ in the ‘Writing R Extensions’ manual.
Flavors: r-devel-linux-x86_64-fedora-clang, r-devel-linux-x86_64-fedora-gcc