Last updated on 2023-03-23 05:50:23 CET.
Flavor | Version | Tinstall | Tcheck | Ttotal | Status | Flags |
---|---|---|---|---|---|---|
r-devel-linux-x86_64-debian-clang | 0.0.5 | 59.94 | 124.84 | 184.78 | NOTE | |
r-devel-linux-x86_64-debian-gcc | 0.0.5 | 47.36 | 82.81 | 130.17 | NOTE | |
r-devel-linux-x86_64-fedora-clang | 0.0.5 | 241.99 | NOTE | |||
r-devel-linux-x86_64-fedora-gcc | 0.0.5 | 220.52 | NOTE | |||
r-patched-linux-x86_64 | 0.0.5 | 52.54 | 101.31 | 153.85 | OK | |
r-release-linux-x86_64 | 0.0.5 | 50.28 | 99.55 | 149.83 | OK | |
r-release-macos-arm64 | 0.0.5 | 53.00 | NOTE | |||
r-release-macos-x86_64 | 0.0.5 | 76.00 | NOTE | |||
r-release-windows-x86_64 | 0.0.5 | 84.00 | 320.00 | 404.00 | OK | |
r-oldrel-macos-arm64 | 0.0.5 | 60.00 | NOTE | |||
r-oldrel-macos-x86_64 | 0.0.5 | 77.00 | NOTE | |||
r-oldrel-windows-ix86+x86_64 | 0.0.5 | 143.00 | 181.00 | 324.00 | NOTE |
Version: 0.0.5
Check: C++ specification
Result: NOTE
Specified C++11: please drop specification unless essential
Flavors: r-devel-linux-x86_64-debian-clang, r-devel-linux-x86_64-debian-gcc, r-devel-linux-x86_64-fedora-clang, r-devel-linux-x86_64-fedora-gcc
Version: 0.0.5
Check: installed package size
Result: NOTE
installed size is 6.5Mb
sub-directories of 1Mb or more:
doc 2.9Mb
libs 3.0Mb
Flavors: r-release-macos-arm64, r-release-macos-x86_64, r-oldrel-macos-arm64, r-oldrel-macos-x86_64, r-oldrel-windows-ix86+x86_64