Last updated on 2024-08-31 23:49:05 CEST.
Flavor | Version | Tinstall | Tcheck | Ttotal | Status | Flags |
---|---|---|---|---|---|---|
r-devel-linux-x86_64-debian-clang | 3.9.5 | 4.14 | 36.70 | 40.84 | OK | |
r-devel-linux-x86_64-debian-gcc | 3.9.5 | 3.04 | 27.36 | 30.40 | OK | |
r-devel-linux-x86_64-fedora-clang | 3.9.5 | 66.28 | NOTE | |||
r-devel-linux-x86_64-fedora-gcc | 3.9.5 | 62.33 | NOTE | |||
r-devel-windows-x86_64 | 3.9.5 | 12.00 | 64.00 | 76.00 | OK | |
r-patched-linux-x86_64 | 3.9.5 | 4.73 | 34.90 | 39.63 | OK | |
r-release-linux-x86_64 | 3.9.5 | 3.72 | 35.41 | 39.13 | OK | |
r-release-macos-arm64 | 3.9.5 | 26.00 | OK | |||
r-release-macos-x86_64 | 3.9.5 | 38.00 | OK | |||
r-release-windows-x86_64 | 3.9.5 | 9.00 | 63.00 | 72.00 | OK | |
r-oldrel-macos-arm64 | 3.9.5 | 42.00 | OK | |||
r-oldrel-macos-x86_64 | 3.9.5 | 111.00 | OK | |||
r-oldrel-windows-x86_64 | 3.9.5 | 10.00 | 73.00 | 83.00 | OK |
Version: 3.9.5
Check: package dependencies
Result: NOTE
Suggests orphaned package: ‘taxize’
Flavors: r-devel-linux-x86_64-fedora-clang, r-devel-linux-x86_64-fedora-gcc