CRAN Package Check Results for Package gtrendsR

Last updated on 2020-12-04 23:48:18 CET.

Flavor Version Tinstall Tcheck Ttotal Status Flags
r-devel-linux-x86_64-debian-clang 1.4.7 6.92 50.33 57.25 OK
r-devel-linux-x86_64-debian-gcc 1.4.7 6.87 39.88 46.75 OK
r-devel-linux-x86_64-fedora-clang 1.4.7 73.39 NOTE
r-devel-linux-x86_64-fedora-gcc 1.4.7 64.71 NOTE
r-devel-windows-ix86+x86_64 1.4.7 15.00 129.00 144.00 OK
r-patched-linux-x86_64 1.4.7 7.64 46.63 54.27 OK
r-patched-solaris-x86 1.4.7 94.60 NOTE
r-release-linux-x86_64 1.4.7 7.93 47.15 55.08 OK
r-release-macos-x86_64 1.4.7 NOTE
r-release-windows-ix86+x86_64 1.4.7 10.00 121.00 131.00 OK
r-oldrel-macos-x86_64 1.4.7 NOTE
r-oldrel-windows-ix86+x86_64 1.4.7 13.00 241.00 254.00 OK

Check Details

Version: 1.4.7
Check: data for non-ASCII characters
Result: NOTE
     Note: found 269 marked UTF-8 strings
Flavors: r-devel-linux-x86_64-fedora-clang, r-devel-linux-x86_64-fedora-gcc, r-patched-solaris-x86, r-release-macos-x86_64, r-oldrel-macos-x86_64