CRAN Package Check Results for Package gutenbergr

Last updated on 2022-05-18 23:52:14 CEST.

Flavor Version Tinstall Tcheck Ttotal Status Flags
r-devel-linux-x86_64-debian-clang 0.2.1 8.02 107.79 115.81 OK
r-devel-linux-x86_64-debian-gcc 0.2.1 7.60 78.00 85.60 OK
r-devel-linux-x86_64-fedora-clang 0.2.1 134.28 NOTE
r-devel-linux-x86_64-fedora-gcc 0.2.1 140.17 NOTE
r-devel-windows-x86_64 0.2.1 32.00 123.00 155.00 OK
r-patched-linux-x86_64 0.2.1 7.91 101.37 109.28 OK
r-release-linux-x86_64 0.2.1 7.77 99.67 107.44 OK
r-release-macos-arm64 0.2.1 43.00 NOTE
r-release-macos-x86_64 0.2.1 76.00 NOTE
r-release-windows-x86_64 0.2.1 28.00 125.00 153.00 OK
r-oldrel-macos-arm64 0.2.1 50.00 NOTE
r-oldrel-macos-x86_64 0.2.1 58.00 NOTE
r-oldrel-windows-ix86+x86_64 0.2.1 20.00 125.00 145.00 OK

Check Details

Version: 0.2.1
Check: data for non-ASCII characters
Result: NOTE
     Note: found 13617 marked UTF-8 strings
Flavors: r-devel-linux-x86_64-fedora-clang, r-devel-linux-x86_64-fedora-gcc, r-release-macos-arm64, r-release-macos-x86_64, r-oldrel-macos-arm64, r-oldrel-macos-x86_64