Last updated on 2024-08-16 11:49:42 CEST.
Flavor | Version | Tinstall | Tcheck | Ttotal | Status | Flags |
---|---|---|---|---|---|---|
r-devel-linux-x86_64-debian-clang | 3.1.12 | 5.23 | 67.26 | 72.49 | NOTE | |
r-devel-linux-x86_64-debian-gcc | 3.1.12 | 4.47 | 50.62 | 55.09 | NOTE | |
r-devel-linux-x86_64-fedora-clang | 3.1.12 | 120.45 | OK | |||
r-devel-linux-x86_64-fedora-gcc | 3.1.12 | 127.28 | OK | |||
r-devel-windows-x86_64 | 3.1.12 | 7.00 | 79.00 | 86.00 | NOTE | |
r-patched-linux-x86_64 | 3.1.12 | 7.20 | 64.34 | 71.54 | OK | |
r-release-linux-x86_64 | 3.1.12 | 5.03 | 64.21 | 69.24 | OK | |
r-release-macos-arm64 | 3.1.12 | 43.00 | OK | |||
r-release-macos-x86_64 | 3.1.12 | 61.00 | OK | |||
r-release-windows-x86_64 | 3.1.12 | 10.00 | 107.00 | 117.00 | OK | |
r-oldrel-macos-arm64 | 3.1.12 | 44.00 | OK | |||
r-oldrel-macos-x86_64 | 3.1.12 | 84.00 | OK | |||
r-oldrel-windows-x86_64 | 3.1.12 | 9.00 | 92.00 | 101.00 | OK |
Version: 3.1.12
Check: Rd cross-references
Result: NOTE
Found the following Rd file(s) with Rd \link{} targets missing package
anchors:
diversities_table.Rd: pander, pandoc.table
individual_pathotypes.Rd: pander
Please provide package anchors for all Rd \link{} targets not in the
package itself and the base packages.
Flavors: r-devel-linux-x86_64-debian-clang, r-devel-linux-x86_64-debian-gcc, r-devel-windows-x86_64