Last updated on 2024-08-16 11:49:42 CEST.
Flavor | Version | Tinstall | Tcheck | Ttotal | Status | Flags |
---|---|---|---|---|---|---|
r-devel-linux-x86_64-debian-clang | 0.8.0 | 9.34 | 96.33 | 105.67 | OK | |
r-devel-linux-x86_64-debian-gcc | 0.8.0 | 5.63 | 68.10 | 73.73 | OK | |
r-devel-linux-x86_64-fedora-clang | 0.8.0 | 177.17 | NOTE | |||
r-devel-linux-x86_64-fedora-gcc | 0.8.0 | 173.80 | OK | |||
r-devel-windows-x86_64 | 0.8.0 | 12.00 | 110.00 | 122.00 | OK | |
r-patched-linux-x86_64 | 0.8.0 | 9.64 | 89.63 | 99.27 | OK | |
r-release-linux-x86_64 | 0.8.0 | 9.57 | 90.89 | 100.46 | OK | |
r-release-macos-arm64 | 0.8.0 | 54.00 | OK | |||
r-release-macos-x86_64 | 0.8.0 | 122.00 | OK | |||
r-release-windows-x86_64 | 0.8.0 | 13.00 | 123.00 | 136.00 | OK | |
r-oldrel-macos-arm64 | 0.8.0 | 52.00 | OK | |||
r-oldrel-macos-x86_64 | 0.8.0 | 90.00 | OK | |||
r-oldrel-windows-x86_64 | 0.8.0 | 14.00 | 130.00 | 144.00 | OK |
Version: 0.8.0
Check: Rd cross-references
Result: NOTE
Undeclared package ‘mnis’ in Rd xrefs
Flavor: r-devel-linux-x86_64-fedora-clang