Last updated on 2024-08-16 11:49:42 CEST.
Flavor | Version | Tinstall | Tcheck | Ttotal | Status | Flags |
---|---|---|---|---|---|---|
r-devel-linux-x86_64-debian-clang | 0.3.0 | 27.13 | 223.66 | 250.79 | OK | |
r-devel-linux-x86_64-debian-gcc | 0.3.0 | 17.00 | 134.29 | 151.29 | OK | |
r-devel-linux-x86_64-fedora-clang | 0.3.0 | 412.06 | NOTE | |||
r-devel-linux-x86_64-fedora-gcc | 0.3.0 | 395.06 | NOTE | |||
r-devel-windows-x86_64 | 0.3.0 | 23.00 | 181.00 | 204.00 | OK | |
r-patched-linux-x86_64 | 0.3.0 | 23.66 | 211.98 | 235.64 | OK | |
r-release-linux-x86_64 | 0.3.0 | 22.71 | 209.41 | 232.12 | OK | |
r-release-macos-arm64 | 0.3.0 | 108.00 | OK | |||
r-release-macos-x86_64 | 0.3.0 | 164.00 | OK | |||
r-release-windows-x86_64 | 0.3.0 | 23.00 | 199.00 | 222.00 | OK | |
r-oldrel-macos-arm64 | 0.3.0 | 102.00 | OK | |||
r-oldrel-macos-x86_64 | 0.3.0 | 295.00 | OK | |||
r-oldrel-windows-x86_64 | 0.3.0 | 32.00 | 245.00 | 277.00 | OK |
Version: 0.3.0
Check: data for non-ASCII characters
Result: NOTE
Note: found 7592 marked UTF-8 strings
Flavors: r-devel-linux-x86_64-fedora-clang, r-devel-linux-x86_64-fedora-gcc