CRAN Package Check Results for Package hazer

Last updated on 2021-10-27 23:50:26 CEST.

Flavor Version Tinstall Tcheck Ttotal Status Flags
r-devel-linux-x86_64-debian-clang 1.1.1 1.98 44.75 46.73 NOTE
r-devel-linux-x86_64-debian-gcc 1.1.1 1.57 32.14 33.71 NOTE
r-devel-linux-x86_64-fedora-clang 1.1.1 66.79 NOTE
r-devel-linux-x86_64-fedora-gcc 1.1.1 53.46 NOTE
r-devel-windows-x86_64 1.1.1 4.00 66.00 70.00 ERROR
r-devel-windows-x86_64-gcc10-UCRT 1.1.1 NOTE
r-patched-linux-x86_64 1.1.1 1.94 41.99 43.93 NOTE
r-patched-solaris-x86 1.1.1 87.30 NOTE
r-release-linux-x86_64 1.1.1 2.01 41.30 43.31 NOTE
r-release-macos-arm64 1.1.1 NOTE
r-release-macos-x86_64 1.1.1 NOTE
r-release-windows-ix86+x86_64 1.1.1 4.00 45.00 49.00 ERROR
r-oldrel-macos-x86_64 1.1.1 OK
r-oldrel-windows-ix86+x86_64 1.1.1 4.00 63.00 67.00 ERROR

Check Details

Version: 1.1.1
Check: LazyData
Result: NOTE
     'LazyData' is specified without a 'data' directory
Flavors: r-devel-linux-x86_64-debian-clang, r-devel-linux-x86_64-debian-gcc, r-devel-linux-x86_64-fedora-clang, r-devel-linux-x86_64-fedora-gcc, r-devel-windows-x86_64, r-devel-windows-x86_64-gcc10-UCRT, r-patched-linux-x86_64, r-patched-solaris-x86, r-release-linux-x86_64, r-release-macos-arm64, r-release-macos-x86_64, r-release-windows-ix86+x86_64

Version: 1.1.1
Check: tests
Result: ERROR
     Running 'testthat.R' [12s]
    Running the tests in 'tests/testthat.R' failed.
    Complete output:
     > library(testthat)
     > library(hazer)
     >
     > test_check("hazer")
     == Failed tests ================================================================
     -- Failure (testall.R:22:3): test the haze -------------------------------------
     floor(h$haze * 1000) not equal to ifelse(tolower(Sys.info()[[1]]) != "linux", 225, 224).
     1/1 mismatches
     [1] 224 - 225 == -1
     -- Failure (testall.R:23:3): test the haze -------------------------------------
     floor(h$A0 * 1000) not equal to ifelse(tolower(Sys.info()[[1]]) != "linux", 710, 712).
     1/1 mismatches
     [1] 712 - 710 == 2
    
     [ FAIL 2 | WARN 0 | SKIP 0 | PASS 4 ]
     Error: Test failures
     Execution halted
Flavor: r-devel-windows-x86_64

Version: 1.1.1
Check: tests
Result: ERROR
     Running 'testthat.R' [8s]
    Running the tests in 'tests/testthat.R' failed.
    Complete output:
     > library(testthat)
     > library(hazer)
     >
     > test_check("hazer")
     == Failed tests ================================================================
     -- Failure (testall.R:22:3): test the haze -------------------------------------
     floor(h$haze * 1000) not equal to ifelse(tolower(Sys.info()[[1]]) != "linux", 225, 224).
     1/1 mismatches
     [1] 224 - 225 == -1
     -- Failure (testall.R:23:3): test the haze -------------------------------------
     floor(h$A0 * 1000) not equal to ifelse(tolower(Sys.info()[[1]]) != "linux", 710, 712).
     1/1 mismatches
     [1] 712 - 710 == 2
    
     [ FAIL 2 | WARN 0 | SKIP 0 | PASS 4 ]
     Error: Test failures
     Execution halted
Flavor: r-release-windows-ix86+x86_64

Version: 1.1.1
Check: tests
Result: ERROR
     Running 'testthat.R' [11s]
    Running the tests in 'tests/testthat.R' failed.
    Complete output:
     > library(testthat)
     > library(hazer)
     >
     > test_check("hazer")
     == Failed tests ================================================================
     -- Failure (testall.R:22:3): test the haze -------------------------------------
     floor(h$haze * 1000) not equal to ifelse(tolower(Sys.info()[[1]]) != "linux", 225, 224).
     1/1 mismatches
     [1] 224 - 225 == -1
     -- Failure (testall.R:23:3): test the haze -------------------------------------
     floor(h$A0 * 1000) not equal to ifelse(tolower(Sys.info()[[1]]) != "linux", 710, 712).
     1/1 mismatches
     [1] 712 - 710 == 2
    
     [ FAIL 2 | WARN 0 | SKIP 0 | PASS 4 ]
     Error: Test failures
     Execution halted
Flavor: r-oldrel-windows-ix86+x86_64