CRAN Package Check Results for Package hcandersenr

Last updated on 2020-10-20 05:48:15 CEST.

Flavor Version Tinstall Tcheck Ttotal Status Flags
r-devel-linux-x86_64-debian-clang 0.2.0 4.85 21.77 26.62 OK
r-devel-linux-x86_64-debian-gcc 0.2.0 4.36 17.38 21.74 OK
r-devel-linux-x86_64-fedora-clang 0.2.0 42.41 NOTE
r-devel-linux-x86_64-fedora-gcc 0.2.0 32.39 NOTE
r-devel-windows-ix86+x86_64 0.2.0 9.00 35.00 44.00 OK
r-patched-linux-x86_64 0.2.0 5.31 20.79 26.10 OK
r-patched-solaris-x86 0.2.0 49.10 NOTE
r-release-linux-x86_64 0.2.0 5.46 20.76 26.22 OK
r-release-macos-x86_64 0.2.0 NOTE
r-release-windows-ix86+x86_64 0.2.0 9.00 27.00 36.00 OK
r-oldrel-macos-x86_64 0.2.0 NOTE
r-oldrel-windows-ix86+x86_64 0.2.0 7.00 118.00 125.00 OK

Check Details

Version: 0.2.0
Check: data for non-ASCII characters
Result: NOTE
     Note: found 104392 marked UTF-8 strings
Flavors: r-devel-linux-x86_64-fedora-clang, r-devel-linux-x86_64-fedora-gcc, r-patched-solaris-x86, r-release-macos-x86_64, r-oldrel-macos-x86_64