Last updated on 2024-03-28 11:53:28 CET.
Flavor | Version | Tinstall | Tcheck | Ttotal | Status | Flags |
---|---|---|---|---|---|---|
r-devel-linux-x86_64-debian-clang | 0.1.0 | 3.92 | 34.87 | 38.79 | NOTE | |
r-devel-linux-x86_64-debian-gcc | 0.1.0 | 2.31 | 26.67 | 28.98 | NOTE | |
r-devel-linux-x86_64-fedora-clang | 0.1.0 | 48.08 | NOTE | |||
r-devel-linux-x86_64-fedora-gcc | 0.1.0 | 59.40 | NOTE | |||
r-devel-windows-x86_64 | 0.1.0 | 6.00 | 47.00 | 53.00 | NOTE | |
r-patched-linux-x86_64 | 0.1.0 | 2.33 | 33.68 | 36.01 | NOTE | |
r-release-linux-x86_64 | 0.1.0 | 2.40 | 31.79 | 34.19 | NOTE | |
r-release-macos-arm64 | 0.1.0 | 27.00 | NOTE | |||
r-release-macos-x86_64 | 0.1.0 | 37.00 | NOTE | |||
r-release-windows-x86_64 | 0.1.0 | 6.00 | 48.00 | 54.00 | NOTE | |
r-oldrel-macos-arm64 | 0.1.0 | 20.00 | NOTE | |||
r-oldrel-windows-x86_64 | 0.1.0 | 7.00 | 56.00 | 63.00 | NOTE |
Version: 0.1.0
Check: LazyData
Result: NOTE
'LazyData' is specified without a 'data' directory
Flavors: r-devel-linux-x86_64-debian-clang, r-devel-linux-x86_64-debian-gcc, r-devel-linux-x86_64-fedora-clang, r-devel-linux-x86_64-fedora-gcc, r-devel-windows-x86_64, r-patched-linux-x86_64, r-release-linux-x86_64, r-release-macos-arm64, r-release-macos-x86_64, r-release-windows-x86_64, r-oldrel-macos-arm64, r-oldrel-windows-x86_64
Version: 0.1.0
Check: installed package size
Result: NOTE
installed size is 5.6Mb
sub-directories of 1Mb or more:
doc 2.7Mb
htmlwidgets 2.8Mb
Flavors: r-devel-linux-x86_64-fedora-clang, r-devel-windows-x86_64, r-release-macos-arm64, r-release-macos-x86_64, r-release-windows-x86_64, r-oldrel-macos-arm64, r-oldrel-windows-x86_64