CRAN Package Check Results for Package hdiVAR

Last updated on 2021-07-31 23:50:24 CEST.

Flavor Version Tinstall Tcheck Ttotal Status Flags
r-devel-linux-x86_64-debian-clang 1.0.1 2.62 29.05 31.67 NOTE
r-devel-linux-x86_64-debian-gcc 1.0.1 1.79 22.73 24.52 NOTE
r-devel-linux-x86_64-fedora-clang 1.0.1 47.40 NOTE
r-devel-linux-x86_64-fedora-gcc 1.0.1 39.28 NOTE
r-devel-windows-x86_64 1.0.1 3.00 47.00 50.00 NOTE
r-devel-windows-x86_64-gcc10-UCRT 1.0.1 NOTE
r-patched-linux-x86_64 1.0.1 NOTE
r-patched-solaris-x86 1.0.1 55.50 NOTE
r-release-linux-x86_64 1.0.1 2.70 28.06 30.76 NOTE
r-release-macos-arm64 1.0.1 NOTE
r-release-macos-x86_64 1.0.1 NOTE
r-release-windows-ix86+x86_64 1.0.1 6.00 45.00 51.00 NOTE
r-oldrel-macos-x86_64 1.0.1 OK
r-oldrel-windows-ix86+x86_64 1.0.1 5.00 44.00 49.00 OK

Check Details

Version: 1.0.1
Check: LazyData
Result: NOTE
     'LazyData' is specified without a 'data' directory
Flavors: r-devel-linux-x86_64-debian-clang, r-devel-linux-x86_64-debian-gcc, r-devel-linux-x86_64-fedora-clang, r-devel-linux-x86_64-fedora-gcc, r-devel-windows-x86_64, r-devel-windows-x86_64-gcc10-UCRT, r-patched-linux-x86_64, r-patched-solaris-x86, r-release-linux-x86_64, r-release-macos-arm64, r-release-macos-x86_64, r-release-windows-ix86+x86_64