Last updated on 2024-04-23 23:56:03 CEST.
Flavor | Version | Tinstall | Tcheck | Ttotal | Status | Flags |
---|---|---|---|---|---|---|
r-devel-linux-x86_64-debian-clang | 0.0.13 | 21.27 | 260.33 | 281.60 | OK | |
r-devel-linux-x86_64-debian-gcc | 0.0.13 | 14.23 | 190.21 | 204.44 | OK | |
r-devel-linux-x86_64-fedora-clang | 0.0.13 | 374.26 | OK | |||
r-devel-linux-x86_64-fedora-gcc | 0.0.13 | 349.75 | OK | |||
r-prerel-macos-arm64 | 0.0.13 | 95.00 | OK | |||
r-prerel-windows-x86_64 | 0.0.13 | 18.00 | 214.00 | 232.00 | OK | |
r-patched-linux-x86_64 | 0.0.13 | 0.67 | 2.59 | 3.26 | ERROR | |
r-release-linux-x86_64 | 0.0.13 | 0.43 | 2.00 | 2.43 | ERROR | |
r-release-macos-arm64 | 0.0.13 | 112.00 | OK | |||
r-release-macos-x86_64 | 0.0.13 | 177.00 | OK | |||
r-release-windows-x86_64 | 0.0.13 | 24.00 | 276.00 | 300.00 | OK | |
r-oldrel-macos-arm64 | 0.0.13 | 102.00 | OK | |||
r-oldrel-windows-x86_64 | 0.0.13 | 25.00 | 254.00 | 279.00 | OK |
Version: 0.0.13
Check: package dependencies
Result: ERROR
Package required but not available: ‘modeltime’
See section ‘The DESCRIPTION file’ in the ‘Writing R Extensions’
manual.
Flavors: r-patched-linux-x86_64, r-release-linux-x86_64