Last updated on 2023-05-30 17:56:38 CEST.
Flavor | Version | Tinstall | Tcheck | Ttotal | Status | Flags |
---|---|---|---|---|---|---|
r-devel-linux-x86_64-debian-clang | 1.0.3 | 20.25 | 34.79 | 55.04 | OK | |
r-devel-linux-x86_64-debian-gcc | 1.0.3 | 18.06 | 28.17 | 46.23 | OK | |
r-devel-linux-x86_64-fedora-clang | 1.0.3 | 74.83 | OK | |||
r-devel-linux-x86_64-fedora-gcc | 1.0.3 | 73.52 | OK | |||
r-devel-windows-x86_64 | 1.0.3 | 22.00 | 52.00 | 74.00 | OK | |
r-patched-linux-x86_64 | 1.0.3 | 21.20 | 35.33 | 56.53 | OK | |
r-release-linux-x86_64 | 1.0.3 | 19.41 | 36.57 | 55.98 | OK | |
r-release-macos-arm64 | 1.0.3 | 42.00 | OK | |||
r-release-macos-x86_64 | 1.0.2 | 49.00 | NOTE | |||
r-release-windows-x86_64 | 1.0.3 | 29.00 | 59.00 | 88.00 | OK | |
r-oldrel-macos-arm64 | 1.0.3 | 40.00 | OK | |||
r-oldrel-macos-x86_64 | 1.0.3 | 43.00 | OK | |||
r-oldrel-windows-x86_64 | 1.0.3 | 29.00 | 59.00 | 88.00 | OK |
Version: 1.0.2
Check: installed package size
Result: NOTE
installed size is 5.1Mb
sub-directories of 1Mb or more:
data 4.9Mb
Flavor: r-release-macos-x86_64