CRAN Package Check Results for Package heddlr

Last updated on 2022-05-18 23:52:15 CEST.

Flavor Version Tinstall Tcheck Ttotal Status Flags
r-devel-linux-x86_64-debian-clang 0.6.0 1.66 44.40 46.06 NOTE
r-devel-linux-x86_64-debian-gcc 0.6.0 2.03 33.57 35.60 NOTE
r-devel-linux-x86_64-fedora-clang 0.6.0 57.41 NOTE
r-devel-linux-x86_64-fedora-gcc 0.6.0 56.30 NOTE
r-devel-windows-x86_64 0.6.0 22.00 69.00 91.00 NOTE
r-patched-linux-x86_64 0.6.0 2.65 42.12 44.77 NOTE
r-release-linux-x86_64 0.6.0 2.77 42.11 44.88 NOTE
r-release-macos-arm64 0.6.0 18.00 NOTE
r-release-macos-x86_64 0.6.0 27.00 NOTE
r-release-windows-x86_64 0.6.0 23.00 69.00 92.00 NOTE
r-oldrel-macos-arm64 0.6.0 20.00 NOTE
r-oldrel-macos-x86_64 0.6.0 46.00 NOTE
r-oldrel-windows-ix86+x86_64 0.6.0 6.00 53.00 59.00 NOTE

Check Details

Version: 0.6.0
Check: LazyData
Result: NOTE
     'LazyData' is specified without a 'data' directory
Flavors: r-devel-linux-x86_64-debian-clang, r-devel-linux-x86_64-debian-gcc, r-devel-linux-x86_64-fedora-clang, r-devel-linux-x86_64-fedora-gcc, r-devel-windows-x86_64, r-patched-linux-x86_64, r-release-linux-x86_64, r-release-macos-arm64, r-release-macos-x86_64, r-release-windows-x86_64, r-oldrel-macos-arm64, r-oldrel-macos-x86_64, r-oldrel-windows-ix86+x86_64

Version: 0.6.0
Check: Rd cross-references
Result: NOTE
    Undeclared package ‘tibble’ in Rd xrefs
Flavor: r-devel-linux-x86_64-fedora-clang