Last updated on 2024-08-31 23:49:05 CEST.
Flavor | Version | Tinstall | Tcheck | Ttotal | Status | Flags |
---|---|---|---|---|---|---|
r-devel-linux-x86_64-debian-clang | 1.2.0 | 8.88 | 16.44 | 25.32 | OK | |
r-devel-linux-x86_64-debian-gcc | 1.2.0 | 6.59 | 13.87 | 20.46 | OK | |
r-devel-linux-x86_64-fedora-clang | 1.2.0 | 46.50 | NOTE | |||
r-devel-linux-x86_64-fedora-gcc | 1.2.0 | 45.21 | NOTE | |||
r-devel-windows-x86_64 | 1.2.0 | 46.00 | 44.00 | 90.00 | NOTE | |
r-patched-linux-x86_64 | 1.2.0 | 8.85 | 16.07 | 24.92 | OK | |
r-release-linux-x86_64 | 1.2.0 | 8.79 | 15.91 | 24.70 | OK | |
r-release-macos-arm64 | 1.2.0 | 21.00 | NOTE | |||
r-release-macos-x86_64 | 1.2.0 | 30.00 | NOTE | |||
r-release-windows-x86_64 | 1.2.0 | 46.00 | 48.00 | 94.00 | OK | |
r-oldrel-macos-arm64 | 1.2.0 | 25.00 | NOTE | |||
r-oldrel-macos-x86_64 | 1.2.0 | 49.00 | NOTE | |||
r-oldrel-windows-x86_64 | 1.2.0 | 44.00 | 59.00 | 103.00 | OK |
Version: 1.2.0
Check: tests
Result: NOTE
Running ‘cargo.R’
Comparing ‘cargo.Rout’ to ‘cargo.Rout.save’ ...17,18d16
< Found cargo in: /usr/bin/cargo
< cargo 1.69.0
Flavors: r-devel-linux-x86_64-fedora-clang, r-devel-linux-x86_64-fedora-gcc
Version: 1.2.0
Check: tests
Result: NOTE
Running 'cargo.R' [0s]
Comparing 'cargo.Rout' to 'cargo.Rout.save' ...17,18d16
< Found cargo in: C:\Users\CRAN\CARGO~1\bin\cargo.exe
< cargo 1.76.0 (c84b36747 2024-01-18)
Flavor: r-devel-windows-x86_64
Version: 1.2.0
Check: installed package size
Result: NOTE
installed size is 6.3Mb
sub-directories of 1Mb or more:
libs 6.2Mb
Flavors: r-release-macos-arm64, r-release-macos-x86_64, r-oldrel-macos-arm64, r-oldrel-macos-x86_64