CRAN Package Check Results for Package heplots

Last updated on 2021-07-29 05:50:05 CEST.

Flavor Version Tinstall Tcheck Ttotal Status Flags
r-devel-linux-x86_64-debian-clang 1.3-8 OK
r-devel-linux-x86_64-debian-gcc 1.3-8 6.53 104.65 111.18 OK
r-devel-linux-x86_64-fedora-clang 1.3-8 188.95 NOTE
r-devel-linux-x86_64-fedora-gcc 1.3-8 174.17 OK
r-devel-windows-x86_64 1.3-8 36.00 180.00 216.00 OK
r-devel-windows-x86_64-gcc10-UCRT 1.3-8 OK
r-patched-linux-x86_64 1.3-8 10.49 138.47 148.96 OK
r-patched-solaris-x86 1.3-8 219.40 OK
r-release-linux-x86_64 1.3-8 9.07 138.45 147.52 OK
r-release-macos-arm64 1.3-8 OK
r-release-macos-x86_64 1.3-8 OK
r-release-windows-ix86+x86_64 1.3-8 19.00 137.00 156.00 OK
r-oldrel-macos-x86_64 1.3-8 OK
r-oldrel-windows-ix86+x86_64 1.3-8 23.00 180.00 203.00 OK

Check Details

Version: 1.3-8
Check: Rd cross-references
Result: NOTE
    Undeclared packages ‘Sleuth2’, ‘rrcov’, ‘carData’, ‘qqtest’ in Rd xrefs
Flavor: r-devel-linux-x86_64-fedora-clang