CRAN Package Check Results for Package hetGP

Last updated on 2019-05-20 12:04:01 CEST.

Flavor Version Tinstall Tcheck Ttotal Status Flags
r-devel-linux-x86_64-debian-clang 1.1.1 60.58 136.43 197.01 OK --no-vignettes
r-devel-linux-x86_64-debian-gcc 1.1.1 45.14 91.28 136.42 OK --no-vignettes
r-devel-linux-x86_64-fedora-clang 1.1.1 257.65 OK --no-vignettes
r-devel-linux-x86_64-fedora-gcc 1.1.1 254.34 OK --no-vignettes
r-devel-windows-ix86+x86_64 1.1.1 150.00 209.00 359.00 OK --no-vignettes
r-patched-linux-x86_64 1.1.1 54.71 133.39 188.10 OK --no-vignettes
r-patched-solaris-x86 1.1.1 308.70 OK --no-vignettes
r-release-linux-x86_64 1.1.1 54.89 136.33 191.22 OK --no-vignettes
r-release-windows-ix86+x86_64 1.1.1 101.00 266.00 367.00 OK --no-vignettes
r-release-osx-x86_64 1.1.1 FAIL
r-oldrel-windows-ix86+x86_64 1.1.1 97.00 267.00 364.00 OK --no-vignettes
r-oldrel-osx-x86_64 1.1.1 FAIL

Check Details

Version: 1.1.1
Check: re-building of vignette outputs
Result: FAIL
    
Flavor: r-release-osx-x86_64

Version: 1.1.1
Check: re-building of vignette outputs
Result: WARN
    Error in re-building vignettes:
     ...
    
    Execution halted
Flavor: r-oldrel-osx-x86_64

Version: 1.1.1
Check: PDF version of manual
Result: FAIL
    
Flavor: r-oldrel-osx-x86_64