CRAN Package Check Results for Package hetGP

Last updated on 2019-03-18 23:51:08 CET.

Flavor Version Tinstall Tcheck Ttotal Status Flags
r-devel-linux-x86_64-debian-clang 1.1.1 58.94 74.53 133.47 ERROR --no-vignettes
r-devel-linux-x86_64-debian-gcc 1.1.1 46.21 98.99 145.20 OK --no-vignettes
r-devel-linux-x86_64-fedora-clang 1.1.1 190.77 ERROR --no-vignettes
r-devel-linux-x86_64-fedora-gcc 1.1.1 243.28 OK --no-vignettes
r-devel-windows-ix86+x86_64 1.1.1 166.00 278.00 444.00 OK --no-vignettes
r-patched-linux-x86_64 1.1.1 53.24 129.69 182.93 OK --no-vignettes
r-patched-solaris-x86 1.1.1 298.50 OK --no-vignettes
r-release-linux-x86_64 1.1.1 53.06 129.71 182.77 OK --no-vignettes
r-release-windows-ix86+x86_64 1.1.1 135.00 269.00 404.00 OK --no-vignettes
r-release-osx-x86_64 1.1.1 FAIL
r-oldrel-windows-ix86+x86_64 1.1.1 106.00 275.00 381.00 OK --no-vignettes
r-oldrel-osx-x86_64 1.1.1 FAIL

Check Details

Version: 1.1.1
Flags: --no-vignettes
Check: examples
Result: ERROR
    Running examples in 'hetGP-Ex.R' failed
    The error most likely occurred in:
    
    > base::assign(".ptime", proc.time(), pos = "CheckExEnv")
    > ### Name: LOO_preds
    > ### Title: Leave one out predictions
    > ### Aliases: LOO_preds
    >
    > ### ** Examples
    >
    > set.seed(32)
    > ## motorcycle data
    > library(MASS)
    > X <- matrix(mcycle$times, ncol = 1)
    > Z <- mcycle$accel
    > nvar <- 1
    >
    > ## Model fitting
    > model <- mleHomGP(X = X, Z = Z, lower = rep(0.1, nvar), upper = rep(10, nvar),
    + covtype = "Matern5_2", known = list(beta0 = 0))
    Error in chol.default(C + diag(eps + g/mult)) :
     the leading minor of order 4 is not positive definite
    Error in matern5_2_1args(X1 * rep(1/theta, rep(nrow(X1), length(theta)))) :
     Not a matrix.
    Calls: mleHomGP ... add_diag -> cov_gen -> cov_Matern5_2 -> matern5_2_1args
    Execution halted
Flavor: r-devel-linux-x86_64-debian-clang

Version: 1.1.1
Flags: --no-vignettes
Check: examples
Result: ERROR
    Running examples in ‘hetGP-Ex.R’ failed
    The error most likely occurred in:
    
    > ### Name: LOO_preds
    > ### Title: Leave one out predictions
    > ### Aliases: LOO_preds
    >
    > ### ** Examples
    >
    > set.seed(32)
    > ## motorcycle data
    > library(MASS)
    > X <- matrix(mcycle$times, ncol = 1)
    > Z <- mcycle$accel
    > nvar <- 1
    >
    > ## Model fitting
    > model <- mleHomGP(X = X, Z = Z, lower = rep(0.1, nvar), upper = rep(10, nvar),
    + covtype = "Matern5_2", known = list(beta0 = 0))
    Error in chol.default(C + diag(eps + g/mult)) :
     the leading minor of order 4 is not positive definite
    Error in matern5_2_1args(X1 * rep(1/theta, rep(nrow(X1), length(theta)))) :
     Not a matrix.
    Calls: mleHomGP ... add_diag -> cov_gen -> cov_Matern5_2 -> matern5_2_1args
    Execution halted
Flavor: r-devel-linux-x86_64-fedora-clang

Version: 1.1.1
Check: re-building of vignette outputs
Result: WARN
    Error in re-building vignettes:
     ...
    
    Execution halted
Flavors: r-release-osx-x86_64, r-oldrel-osx-x86_64

Version: 1.1.1
Check: PDF version of manual
Result: FAIL
    
Flavors: r-release-osx-x86_64, r-oldrel-osx-x86_64