Last updated on 2023-09-25 12:01:41 CEST.
Flavor | Version | Tinstall | Tcheck | Ttotal | Status | Flags |
---|---|---|---|---|---|---|
r-devel-linux-x86_64-debian-clang | 1.1.5 | 92.10 | 159.17 | 251.27 | OK | --no-vignettes |
r-devel-linux-x86_64-debian-gcc | 1.1.5 | 60.95 | 117.64 | 178.59 | OK | --no-vignettes |
r-devel-linux-x86_64-fedora-clang | 1.1.5 | 331.54 | OK | --no-vignettes | ||
r-devel-linux-x86_64-fedora-gcc | 1.1.5 | 325.66 | OK | --no-vignettes | ||
r-devel-windows-x86_64 | 1.1.5 | 56.00 | 164.00 | 220.00 | OK | --no-vignettes |
r-patched-linux-x86_64 | 1.1.5 | 82.35 | 152.25 | 234.60 | OK | --no-vignettes |
r-release-linux-x86_64 | 1.1.5 | 95.01 | 154.10 | 249.11 | OK | --no-vignettes |
r-release-macos-arm64 | 1.1.5 | 1602.00 | OK | |||
r-release-macos-x86_64 | 1.1.5 | 1803.00 | ERROR | |||
r-release-windows-x86_64 | 1.1.5 | 66.00 | 154.00 | 220.00 | OK | --no-vignettes |
r-oldrel-macos-arm64 | 1.1.5 | 1803.00 | ERROR | |||
r-oldrel-macos-x86_64 | 1.1.5 | 1261.00 | OK | |||
r-oldrel-windows-x86_64 | 1.1.5 | 80.00 | 195.00 | 275.00 | OK | --no-vignettes |
Version: 1.1.5
Check: re-building of vignette outputs
Result: ERROR
Error(s) in re-building vignettes:
...
--- re-building ‘hetGP_vignette.Rnw’ using knitr
Execution halted
* checking PDF version of manual ...* using check arguments '--no-clean-on-error '
Flavors: r-release-macos-x86_64, r-oldrel-macos-arm64