CRAN Package Check Results for Package heterogen

Last updated on 2024-04-16 00:05:00 CEST.

Flavor Version Tinstall Tcheck Ttotal Status Flags
r-devel-linux-x86_64-debian-clang 1.2.33 110.66 227.85 338.51 OK
r-devel-linux-x86_64-debian-gcc 1.2.33 83.87 163.77 247.64 OK
r-devel-linux-x86_64-fedora-clang 1.2.33 438.65 OK
r-devel-linux-x86_64-fedora-gcc 1.2.33 418.54 OK
r-prerel-macos-arm64 1.2.33 84.00 NOTE
r-prerel-windows-x86_64 1.2.33 79.00 149.00 228.00 OK
r-patched-linux-x86_64 1.2.33 69.81 217.60 287.41 OK
r-release-linux-x86_64 1.2.33 76.42 216.82 293.24 OK
r-release-macos-arm64 1.2.33 96.00 NOTE
r-release-macos-x86_64 1.2.33 213.00 NOTE
r-release-windows-x86_64 1.2.33 104.00 213.00 317.00 OK
r-oldrel-macos-arm64 1.2.33 94.00 NOTE
r-oldrel-windows-x86_64 1.2.33 100.00 191.00 291.00 OK

Check Details

Version: 1.2.33
Check: installed package size
Result: NOTE installed size is 6.0Mb sub-directories of 1Mb or more: extdata 2.6Mb libs 3.3Mb Flavors: r-prerel-macos-arm64, r-release-macos-arm64, r-release-macos-x86_64, r-oldrel-macos-arm64