Last updated on 2024-08-16 11:49:42 CEST.
Flavor | Version | Tinstall | Tcheck | Ttotal | Status | Flags |
---|---|---|---|---|---|---|
r-devel-linux-x86_64-debian-clang | 0.2.0 | 14.40 | 53.95 | 68.35 | NOTE | |
r-devel-linux-x86_64-debian-gcc | 0.2.0 | 10.81 | 38.93 | 49.74 | NOTE | |
r-devel-linux-x86_64-fedora-clang | 0.2.0 | 122.12 | NOTE | |||
r-devel-linux-x86_64-fedora-gcc | 0.2.0 | 124.01 | NOTE | |||
r-devel-windows-x86_64 | 0.2.0 | 21.00 | 75.00 | 96.00 | NOTE | |
r-patched-linux-x86_64 | 0.2.0 | 14.51 | 50.21 | 64.72 | OK | |
r-release-linux-x86_64 | 0.2.0 | 14.65 | 51.60 | 66.25 | OK | |
r-release-macos-arm64 | 0.2.0 | 38.00 | OK | |||
r-release-macos-x86_64 | 0.2.0 | 57.00 | OK | |||
r-release-windows-x86_64 | 0.2.0 | 20.00 | 96.00 | 116.00 | OK | |
r-oldrel-macos-arm64 | 0.2.0 | 45.00 | OK | |||
r-oldrel-macos-x86_64 | 0.2.0 | 86.00 | OK | |||
r-oldrel-windows-x86_64 | 0.2.0 | 24.00 | 85.00 | 109.00 | OK |
Version: 0.2.0
Check: compiled code
Result: NOTE
File ‘heumilkr/libs/heumilkr.so’:
Found non-API calls to R: ‘SETLENGTH’, ‘SET_GROWABLE_BIT’,
‘SET_TRUELENGTH’
Compiled code should not call non-API entry points in R.
See ‘Writing portable packages’ in the ‘Writing R Extensions’ manual,
and section ‘Moving into C API compliance’ for issues with the use of
non-API entry points.
Flavors: r-devel-linux-x86_64-debian-clang, r-devel-linux-x86_64-debian-gcc, r-devel-linux-x86_64-fedora-clang, r-devel-linux-x86_64-fedora-gcc
Version: 0.2.0
Check: compiled code
Result: NOTE
File 'heumilkr/libs/x64/heumilkr.dll':
Found non-API calls to R: 'SETLENGTH', 'SET_GROWABLE_BIT',
'SET_TRUELENGTH'
Compiled code should not call non-API entry points in R.
See 'Writing portable packages' in the 'Writing R Extensions' manual,
and section 'Moving into C API compliance' for issues with the use of
non-API entry points.
Flavor: r-devel-windows-x86_64