Last updated on 2024-04-19 18:05:28 CEST.
Flavor | Version | Tinstall | Tcheck | Ttotal | Status | Flags |
---|---|---|---|---|---|---|
r-devel-linux-x86_64-debian-clang | 1.28.3 | 10.66 | 78.25 | 88.91 | OK | |
r-devel-linux-x86_64-debian-gcc | 1.28.3 | OK | ||||
r-devel-linux-x86_64-fedora-clang | 1.28.3 | 113.96 | OK | |||
r-devel-linux-x86_64-fedora-gcc | 1.28.3 | 125.22 | OK | |||
r-prerel-macos-arm64 | 1.28.3 | 43.00 | OK | |||
r-prerel-windows-x86_64 | 1.28.3 | 12.00 | 93.00 | 105.00 | OK | |
r-patched-linux-x86_64 | 1.28.3 | 10.13 | 75.32 | 85.45 | OK | |
r-release-linux-x86_64 | 1.28.3 | 8.76 | 74.58 | 83.34 | OK | |
r-release-macos-arm64 | 1.28.3 | 44.00 | OK | |||
r-release-macos-x86_64 | 1.28.3 | 60.00 | NOTE | |||
r-release-windows-x86_64 | 1.28.3 | 15.00 | 100.00 | 115.00 | OK | |
r-oldrel-macos-arm64 | 1.28.3 | 35.00 | OK | |||
r-oldrel-windows-x86_64 | 1.28.3 | 20.00 | 107.00 | 127.00 | OK |
Version: 1.28.3
Check: package dependencies
Result: NOTE
Packages suggested but not available for checking:
'marray', 'affy', 'Biobase', 'limma'
Flavor: r-release-macos-x86_64
Version: 1.28.3
Check: Rd cross-references
Result: NOTE
Package unavailable to check Rd xrefs: ‘limma’
Flavor: r-release-macos-x86_64
Version: 1.28.3
Check: re-building of vignette outputs
Result: NOTE
Note: skipping ‘hexagon_binning.Rnw’ due to unavailable dependencies:
'marray'
Flavor: r-release-macos-x86_64