CRAN Package Check Results for Package hextri

Last updated on 2021-06-20 05:48:26 CEST.

Flavor Version Tinstall Tcheck Ttotal Status Flags
r-devel-linux-x86_64-debian-clang 0.6 2.99 35.84 38.83 NOTE
r-devel-linux-x86_64-debian-gcc 0.6 2.08 28.01 30.09 NOTE
r-devel-linux-x86_64-fedora-clang 0.6 56.89 OK
r-devel-linux-x86_64-fedora-gcc 0.6 44.78 OK
r-devel-windows-x86_64 0.6 5.00 44.00 49.00 NOTE
r-devel-windows-x86_64-gcc10-UCRT 0.6 OK
r-patched-linux-x86_64 0.6 3.13 34.92 38.05 NOTE
r-patched-solaris-x86 0.6 69.60 OK
r-release-linux-x86_64 0.6 2.85 34.30 37.15 NOTE
r-release-macos-arm64 0.6 OK
r-release-macos-x86_64 0.6 OK
r-release-windows-ix86+x86_64 0.6 7.00 62.00 69.00 NOTE
r-oldrel-macos-x86_64 0.6 OK
r-oldrel-windows-ix86+x86_64 0.6 5.00 57.00 62.00 NOTE

Check Details

Version: 0.6
Check: package vignettes
Result: NOTE
    Package vignette with placeholder title 'Vignette Title':
     'hexbin-classes.Rmd'
Flavors: r-devel-linux-x86_64-debian-clang, r-devel-linux-x86_64-debian-gcc, r-devel-windows-x86_64, r-patched-linux-x86_64, r-release-linux-x86_64, r-release-windows-ix86+x86_64, r-oldrel-windows-ix86+x86_64